{"id":832,"date":"2026-04-21T22:23:36","date_gmt":"2026-04-22T01:53:36","guid":{"rendered":"https:\/\/libreriabonilla.com.mx\/?post_type=product&#038;p=832"},"modified":"2026-04-22T16:35:14","modified_gmt":"2026-04-22T20:05:14","slug":"tendencias-de-la-narrativa-mexicana-actual","status":"publish","type":"product","link":"https:\/\/libreriabonilla.com.mx\/index.php\/producto\/tendencias-de-la-narrativa-mexicana-actual\/","title":{"rendered":"Tendencias de la narrativa Mexicana actual"},"content":{"rendered":"<p>Proyecto de Investigaci\u00f3n Estrategias narrativas en la literatura mexicana reciente. Estructuras, modelos, tendencias y estudios de g\u00e9nero en el relato posterior a 1968 (HUM2005-05092\/Filol)<br \/>\nQuiz\u00e1 por las connotaciones que para la historia del pa\u00eds tiene, la cr\u00edtica literaria se ha fijado con frecuencia en 1968 como una fecha simb\u00f3lica en el devenir de la literatura mexicana. Citar ese a\u00f1o en M\u00e9xico es recordar la matanza de estudiantes de la plaza de Tlatelolco que, a la postre, signific\u00f3 el derrumbamiento del r\u00e9gimen surgido de la Revoluci\u00f3n de 1910, el fin del monopolio del PRI.<br \/>\nEs esa fecha desde la que la parte este estudio con la intenci\u00f3n de abrir un espacio de discusi\u00f3n y reflexi\u00f3n sobre el panorama reciente de la narrativa escrita en M\u00e9xico. En \u00e9l se tienen en cuenta tanto las \u00faltimas aportaciones, como las tendencias m\u00e1s representativas de los a\u00f1os precedentes. Los estudios que se re\u00fanen en este volumen pretenden ofrecer una visi\u00f3n panor\u00e1mica de algunas de las tendencias m\u00e1s representativas de la narrativa mexicana de los \u00faltimos a\u00f1os.<\/p>\n<p>Jos\u00e9 Carlos Gonz\u00e1lez Boixo (editor)<br \/>\nCatedr\u00e1tico en la Universidad de Le\u00f3n (Espa\u00f1a), es especialista en literatura hispanoamericana, con dedicaci\u00f3n preferente al siglo XVII y a la narrativa contempor\u00e1nea. Su l\u00ednea de investigaci\u00f3n ha estado centrada en M\u00e9xico, destacando sus estudios sobre Juan Rulfo, Carlos Fuentes, Sor Juana In\u00e9s de la Cruz y Bernardo de Balbuena<\/p>\n","protected":false},"excerpt":{"rendered":"<p>Gonz\u00e1lez Boixo, Jos\u00e9 Carlos<\/p>\n","protected":false},"featured_media":1049,"comment_status":"closed","ping_status":"closed","template":"","meta":[],"product_brand":[],"product_cat":[193],"product_tag":[675,674],"class_list":{"0":"post-832","1":"product","2":"type-product","3":"status-publish","4":"has-post-thumbnail","6":"product_cat-narrativa","7":"product_tag-narrativa-mexicana","8":"product_tag-tendencias","10":"first","11":"instock","12":"shipping-taxable","13":"purchasable","14":"product-type-simple"},"jetpack_sharing_enabled":true,"_links":{"self":[{"href":"https:\/\/libreriabonilla.com.mx\/index.php\/wp-json\/wp\/v2\/product\/832","targetHints":{"allow":["GET"]}}],"collection":[{"href":"https:\/\/libreriabonilla.com.mx\/index.php\/wp-json\/wp\/v2\/product"}],"about":[{"href":"https:\/\/libreriabonilla.com.mx\/index.php\/wp-json\/wp\/v2\/types\/product"}],"replies":[{"embeddable":true,"href":"https:\/\/libreriabonilla.com.mx\/index.php\/wp-json\/wp\/v2\/comments?post=832"}],"wp:featuredmedia":[{"embeddable":true,"href":"https:\/\/libreriabonilla.com.mx\/index.php\/wp-json\/wp\/v2\/media\/1049"}],"wp:attachment":[{"href":"https:\/\/libreriabonilla.com.mx\/index.php\/wp-json\/wp\/v2\/media?parent=832"}],"wp:term":[{"taxonomy":"product_brand","embeddable":true,"href":"https:\/\/libreriabonilla.com.mx\/index.php\/wp-json\/wp\/v2\/product_brand?post=832"},{"taxonomy":"product_cat","embeddable":true,"href":"https:\/\/libreriabonilla.com.mx\/index.php\/wp-json\/wp\/v2\/product_cat?post=832"},{"taxonomy":"product_tag","embeddable":true,"href":"https:\/\/libreriabonilla.com.mx\/index.php\/wp-json\/wp\/v2\/product_tag?post=832"}],"curies":[{"name":"wp","href":"https:\/\/api.w.org\/{rel}","templated":true}]}}