{"id":808,"date":"2026-04-21T22:23:26","date_gmt":"2026-04-22T01:53:26","guid":{"rendered":"https:\/\/libreriabonilla.com.mx\/?post_type=product&#038;p=808"},"modified":"2026-04-26T14:46:59","modified_gmt":"2026-04-26T18:16:59","slug":"la-revolucion-mexicana-en-la-literatura-y-el-cine","status":"publish","type":"product","link":"https:\/\/libreriabonilla.com.mx\/index.php\/producto\/la-revolucion-mexicana-en-la-literatura-y-el-cine\/","title":{"rendered":"La revoluci\u00f3n Mexicana en la literatura y el cine"},"content":{"rendered":"<p>En este volumen se comparan las im\u00e1genes de la Revoluci\u00f3n mexicana en la literatura y en el cine de M\u00e9xico con las de las literaturas y el cine de otros pa\u00edses. De esta manera, se ponen de manifiesto las conexiones entre las im\u00e1genes del Otro y las auto-im\u00e1genes, entre exotizaci\u00f3n y auto-exotizaci\u00f3n cultural, entre la mitificaci\u00f3n y auto-mitificaci\u00f3n ideol\u00f3gica de la revoluci\u00f3n.<\/p>\n","protected":false},"excerpt":{"rendered":"<p>D\u00edaz P\u00e9rez, Olivia C.<\/p>\n","protected":false},"featured_media":1026,"comment_status":"closed","ping_status":"closed","template":"","meta":[],"product_brand":[],"product_cat":[239,70],"product_tag":[714,446,709,586],"class_list":{"0":"post-808","1":"product","2":"type-product","3":"status-publish","4":"has-post-thumbnail","6":"product_cat-cine","7":"product_cat-historia","8":"product_tag-cine","9":"product_tag-historia","10":"product_tag-historia-de-mexico","11":"product_tag-historia-del-cine","13":"first","14":"instock","15":"shipping-taxable","16":"purchasable","17":"product-type-simple"},"jetpack_sharing_enabled":true,"_links":{"self":[{"href":"https:\/\/libreriabonilla.com.mx\/index.php\/wp-json\/wp\/v2\/product\/808","targetHints":{"allow":["GET"]}}],"collection":[{"href":"https:\/\/libreriabonilla.com.mx\/index.php\/wp-json\/wp\/v2\/product"}],"about":[{"href":"https:\/\/libreriabonilla.com.mx\/index.php\/wp-json\/wp\/v2\/types\/product"}],"replies":[{"embeddable":true,"href":"https:\/\/libreriabonilla.com.mx\/index.php\/wp-json\/wp\/v2\/comments?post=808"}],"wp:featuredmedia":[{"embeddable":true,"href":"https:\/\/libreriabonilla.com.mx\/index.php\/wp-json\/wp\/v2\/media\/1026"}],"wp:attachment":[{"href":"https:\/\/libreriabonilla.com.mx\/index.php\/wp-json\/wp\/v2\/media?parent=808"}],"wp:term":[{"taxonomy":"product_brand","embeddable":true,"href":"https:\/\/libreriabonilla.com.mx\/index.php\/wp-json\/wp\/v2\/product_brand?post=808"},{"taxonomy":"product_cat","embeddable":true,"href":"https:\/\/libreriabonilla.com.mx\/index.php\/wp-json\/wp\/v2\/product_cat?post=808"},{"taxonomy":"product_tag","embeddable":true,"href":"https:\/\/libreriabonilla.com.mx\/index.php\/wp-json\/wp\/v2\/product_tag?post=808"}],"curies":[{"name":"wp","href":"https:\/\/api.w.org\/{rel}","templated":true}]}}