{"id":800,"date":"2026-04-21T22:23:25","date_gmt":"2026-04-22T01:53:25","guid":{"rendered":"https:\/\/libreriabonilla.com.mx\/?post_type=product&#038;p=800"},"modified":"2026-04-27T13:19:56","modified_gmt":"2026-04-27T16:49:56","slug":"poder-naval-y-modernizacion-del-estado-politica-de-construccion-naval-espanola-siglos-xvi-xviii","status":"publish","type":"product","link":"https:\/\/libreriabonilla.com.mx\/index.php\/producto\/poder-naval-y-modernizacion-del-estado-politica-de-construccion-naval-espanola-siglos-xvi-xviii\/","title":{"rendered":"Poder naval y modernizaci\u00f3n del Estado: pol\u00edtica de construcci\u00f3n naval espa\u00f1ola (Siglos XVI-XVIII)"},"content":{"rendered":"<p>La presente obra es el resultado de una d\u00e9cada de investigaci\u00f3n en archivo de distintos pa\u00edses, as\u00ed como de un exhaustivo an\u00e1lisis de la historiograf\u00eda antigua y contempor\u00e1nea sobre el sistema naval hisp\u00e1nico. En sus p\u00e1ginas, el lector especializado encontrar\u00e1 una s\u00edntesis razonada del conocimiento sobre los principales aspectos de la historia de la tecnolog\u00eda naval espa\u00f1ola, a partir de la cual numerosas fuentes manuscritas &#8211; muchas de ellas todav\u00eda desconocidas- son comprendidas en su dimensi\u00f3n pol\u00edtica, administrativa y militar. En particular, se aborda en detalle la dimensi\u00f3n administrativa y financiera de los astilleros estatales, tanto en la Pen\u00ednsula Ib\u00e9rica como en las posesiones americanas. As\u00ed, esta obra ofrece un modelo interpretativo, rigurosamente fundamentado, para comprender la incidencia de factores pol\u00edticos, econ\u00f3micos y militares en la evoluci\u00f3n t\u00e9cnica de la construcci\u00f3n naval espa\u00f1ola durante el per\u00edodo cl\u00e1sico de la navegaci\u00f3n a vela.<\/p>\n","protected":false},"excerpt":{"rendered":"<p>Valdez-Bubnov, Ivan<\/p>\n","protected":false},"featured_media":1079,"comment_status":"closed","ping_status":"closed","template":"","meta":[],"product_brand":[],"product_cat":[52,70],"product_tag":[650,649],"class_list":{"0":"post-800","1":"product","2":"type-product","3":"status-publish","4":"has-post-thumbnail","6":"product_cat-ciencias-sociales","7":"product_cat-historia","8":"product_tag-fuerza-militar","9":"product_tag-historia-naval-y-militar","11":"first","12":"instock","13":"shipping-taxable","14":"purchasable","15":"product-type-simple"},"jetpack_sharing_enabled":true,"_links":{"self":[{"href":"https:\/\/libreriabonilla.com.mx\/index.php\/wp-json\/wp\/v2\/product\/800","targetHints":{"allow":["GET"]}}],"collection":[{"href":"https:\/\/libreriabonilla.com.mx\/index.php\/wp-json\/wp\/v2\/product"}],"about":[{"href":"https:\/\/libreriabonilla.com.mx\/index.php\/wp-json\/wp\/v2\/types\/product"}],"replies":[{"embeddable":true,"href":"https:\/\/libreriabonilla.com.mx\/index.php\/wp-json\/wp\/v2\/comments?post=800"}],"wp:featuredmedia":[{"embeddable":true,"href":"https:\/\/libreriabonilla.com.mx\/index.php\/wp-json\/wp\/v2\/media\/1079"}],"wp:attachment":[{"href":"https:\/\/libreriabonilla.com.mx\/index.php\/wp-json\/wp\/v2\/media?parent=800"}],"wp:term":[{"taxonomy":"product_brand","embeddable":true,"href":"https:\/\/libreriabonilla.com.mx\/index.php\/wp-json\/wp\/v2\/product_brand?post=800"},{"taxonomy":"product_cat","embeddable":true,"href":"https:\/\/libreriabonilla.com.mx\/index.php\/wp-json\/wp\/v2\/product_cat?post=800"},{"taxonomy":"product_tag","embeddable":true,"href":"https:\/\/libreriabonilla.com.mx\/index.php\/wp-json\/wp\/v2\/product_tag?post=800"}],"curies":[{"name":"wp","href":"https:\/\/api.w.org\/{rel}","templated":true}]}}