{"id":795,"date":"2026-04-21T22:23:25","date_gmt":"2026-04-22T01:53:25","guid":{"rendered":"https:\/\/libreriabonilla.com.mx\/?post_type=product&#038;p=795"},"modified":"2026-04-27T21:21:37","modified_gmt":"2026-04-28T00:51:37","slug":"el-libro-de-las-jitanjaforas-y-otros-papeles-seguidos-de-retruecanos-sonetorpidos","status":"publish","type":"product","link":"https:\/\/libreriabonilla.com.mx\/index.php\/producto\/el-libro-de-las-jitanjaforas-y-otros-papeles-seguidos-de-retruecanos-sonetorpidos\/","title":{"rendered":"El libro de las Jitanj\u00e1foras y otros papeles seguidos de retru\u00e9canos, sonet\u00f3rpidos"},"content":{"rendered":"<p>En este libro se recogen, entre otras escrituras, las reflexiones, los art\u00edculos y la correspondencia que Alfonso Reyes mantuvo en torno a las jitanj\u00e1foras, las cuales explica y define en su texto \u00abLas jitanj\u00e1foras\u00bb y con el cual Adolfo Casta\u00f1\u00f3n comienza esta l\u00fadica visita por un sendero de la poes\u00eda poco frecuentado por los hablantes hispanos.<\/p>\n","protected":false},"excerpt":{"rendered":"<p>Reyes, Alfonso<\/p>\n","protected":false},"featured_media":919,"comment_status":"closed","ping_status":"closed","template":"","meta":[],"product_brand":[],"product_cat":[85,22],"product_tag":[316,708],"class_list":{"0":"post-795","1":"product","2":"type-product","3":"status-publish","4":"has-post-thumbnail","6":"product_cat-poesia","7":"product_cat-sin-categorizar","8":"product_tag-adolfo-castanon","9":"product_tag-alfonso-reyes","11":"first","12":"instock","13":"shipping-taxable","14":"purchasable","15":"product-type-simple"},"jetpack_sharing_enabled":true,"_links":{"self":[{"href":"https:\/\/libreriabonilla.com.mx\/index.php\/wp-json\/wp\/v2\/product\/795","targetHints":{"allow":["GET"]}}],"collection":[{"href":"https:\/\/libreriabonilla.com.mx\/index.php\/wp-json\/wp\/v2\/product"}],"about":[{"href":"https:\/\/libreriabonilla.com.mx\/index.php\/wp-json\/wp\/v2\/types\/product"}],"replies":[{"embeddable":true,"href":"https:\/\/libreriabonilla.com.mx\/index.php\/wp-json\/wp\/v2\/comments?post=795"}],"wp:featuredmedia":[{"embeddable":true,"href":"https:\/\/libreriabonilla.com.mx\/index.php\/wp-json\/wp\/v2\/media\/919"}],"wp:attachment":[{"href":"https:\/\/libreriabonilla.com.mx\/index.php\/wp-json\/wp\/v2\/media?parent=795"}],"wp:term":[{"taxonomy":"product_brand","embeddable":true,"href":"https:\/\/libreriabonilla.com.mx\/index.php\/wp-json\/wp\/v2\/product_brand?post=795"},{"taxonomy":"product_cat","embeddable":true,"href":"https:\/\/libreriabonilla.com.mx\/index.php\/wp-json\/wp\/v2\/product_cat?post=795"},{"taxonomy":"product_tag","embeddable":true,"href":"https:\/\/libreriabonilla.com.mx\/index.php\/wp-json\/wp\/v2\/product_tag?post=795"}],"curies":[{"name":"wp","href":"https:\/\/api.w.org\/{rel}","templated":true}]}}