{"id":790,"date":"2026-04-21T22:23:15","date_gmt":"2026-04-22T01:53:15","guid":{"rendered":"https:\/\/libreriabonilla.com.mx\/?post_type=product&#038;p=790"},"modified":"2026-04-27T21:29:12","modified_gmt":"2026-04-28T00:59:12","slug":"los-indios-de-la-nacion","status":"publish","type":"product","link":"https:\/\/libreriabonilla.com.mx\/index.php\/producto\/los-indios-de-la-nacion\/","title":{"rendered":"Los indios de la naci\u00f3n"},"content":{"rendered":"<p>Este libro analiza el discurso p\u00fablico sobre los ind\u00edgenas a lo largo de la historia del M\u00e9xico independiente, desde el nacimiento de la naci\u00f3n como entidad soberana hasta el inicio de la d\u00e9cada de 2000. A trav\u00e9s de este discurso se categoriza a ciertas poblaciones como ind\u00edgenas y se las define y describe mediante la asignaci\u00f3n de determinadas caracter\u00edsticas. \u00c9stas contribuyen a la creaci\u00f3n de estereotipos que se relacionan con el discurso p\u00fablico de modo bidireccional, puesto que \u00e9ste construye y difunde estereotipos a la vez que se nutre de ellos para sus elaboraciones ret\u00f3ricas. Una de las misiones del discurso p\u00fablico es la enunciaci\u00f3n y difusi\u00f3n del proyecto nacional. As\u00ed, se parte de la premisa de que categorizar constituye un ejercicio de poder, pues supone clasificar ala poblaci\u00f3n, insert\u00e1ndola en diferentes grupos y asignando identidades.<\/p>\n","protected":false},"excerpt":{"rendered":"<p>Sanz Jara, Eva<\/p>\n","protected":false},"featured_media":1014,"comment_status":"closed","ping_status":"closed","template":"","meta":[],"product_brand":[],"product_cat":[70],"product_tag":[572,446,709],"class_list":{"0":"post-790","1":"product","2":"type-product","3":"status-publish","4":"has-post-thumbnail","6":"product_cat-historia","7":"product_tag-analisis-del-discurso","8":"product_tag-historia","9":"product_tag-historia-de-mexico","11":"first","12":"instock","13":"shipping-taxable","14":"purchasable","15":"product-type-simple"},"jetpack_sharing_enabled":true,"_links":{"self":[{"href":"https:\/\/libreriabonilla.com.mx\/index.php\/wp-json\/wp\/v2\/product\/790","targetHints":{"allow":["GET"]}}],"collection":[{"href":"https:\/\/libreriabonilla.com.mx\/index.php\/wp-json\/wp\/v2\/product"}],"about":[{"href":"https:\/\/libreriabonilla.com.mx\/index.php\/wp-json\/wp\/v2\/types\/product"}],"replies":[{"embeddable":true,"href":"https:\/\/libreriabonilla.com.mx\/index.php\/wp-json\/wp\/v2\/comments?post=790"}],"wp:featuredmedia":[{"embeddable":true,"href":"https:\/\/libreriabonilla.com.mx\/index.php\/wp-json\/wp\/v2\/media\/1014"}],"wp:attachment":[{"href":"https:\/\/libreriabonilla.com.mx\/index.php\/wp-json\/wp\/v2\/media?parent=790"}],"wp:term":[{"taxonomy":"product_brand","embeddable":true,"href":"https:\/\/libreriabonilla.com.mx\/index.php\/wp-json\/wp\/v2\/product_brand?post=790"},{"taxonomy":"product_cat","embeddable":true,"href":"https:\/\/libreriabonilla.com.mx\/index.php\/wp-json\/wp\/v2\/product_cat?post=790"},{"taxonomy":"product_tag","embeddable":true,"href":"https:\/\/libreriabonilla.com.mx\/index.php\/wp-json\/wp\/v2\/product_tag?post=790"}],"curies":[{"name":"wp","href":"https:\/\/api.w.org\/{rel}","templated":true}]}}