{"id":782,"date":"2026-04-21T22:23:14","date_gmt":"2026-04-22T01:53:14","guid":{"rendered":"https:\/\/libreriabonilla.com.mx\/?post_type=product&#038;p=782"},"modified":"2026-04-27T23:15:46","modified_gmt":"2026-04-28T02:45:46","slug":"cuentos-a-deshora","status":"publish","type":"product","link":"https:\/\/libreriabonilla.com.mx\/index.php\/producto\/cuentos-a-deshora\/","title":{"rendered":"Cuentos a deshora"},"content":{"rendered":"<p>Ha pasado m\u00e1s de medio siglo de aquella tarde en que empec\u00e9 a conocer a Arturo Souto Alabarce y le expres\u00e9 mi admiraci\u00f3n por \u00abCoyote 13\u00bb sin saber que \u00e9l lo hab\u00eda escrito. Poco despu\u00e9s lo hall\u00e9 incluido en una afamada antolog\u00eda norteamericana de cuentos de habla espa\u00f1ola, editada en formato de un pocket book de alto tiraje, y me acostumbr\u00e9 a pensar que no tardar\u00eda en ser tambi\u00e9n acogido por antolog\u00edas de narrativa hispanomexicana, pero hasta ahora y hasta donde s\u00e9 no ha ocurrido as\u00ed, aunque recuerdo la admiraci\u00f3n con la que lo mencionaban Rulfo, Arreola, Jos\u00e9 Alvarado y otros que, por desgracia, no la han declarado en letra impresa [&#8230;] y no ha disminuido la fascinaci\u00f3n que me caus\u00f3 \u00abCoyote 13\u00bb desde que se me apareci\u00f3 en las p\u00e1ginas ya amarillecidas de un suplemento cultural. Tengo ese cuento entre, digamos, los veinte que han perdurado a trav\u00e9s de mis relecturas&#8230;<br \/>\nJos\u00e9 de la Colina Desde 1960, a\u00f1o en que la UNAM edit\u00f3 un impecable libro de cuentos, La plaga del crisantemo -que aqu\u00ed se re-edita ampliado, ensanchado, actualizado y revisado, como un rescate de una de las obras narrativas claves de su hora y de la nuestra-, no hab\u00edan vuelto a publicarse en un volumen los cuentos de Arturo Souto Alabarce. As\u00ed, en estos Cuentos a deshora conviven tanto narraciones escritas y admiradas desde hace varias d\u00e9cadas como cuentos nuevos e in\u00e9ditos<\/p>\n","protected":false},"excerpt":{"rendered":"<p>Souto Alabarce, Arturo<\/p>\n","protected":false},"featured_media":860,"comment_status":"closed","ping_status":"closed","template":"","meta":[],"product_brand":[],"product_cat":[735,72],"product_tag":[736],"class_list":{"0":"post-782","1":"product","2":"type-product","3":"status-publish","4":"has-post-thumbnail","6":"product_cat-cuento","7":"product_cat-literatura","8":"product_tag-cuento","10":"first","11":"instock","12":"shipping-taxable","13":"purchasable","14":"product-type-simple"},"jetpack_sharing_enabled":true,"_links":{"self":[{"href":"https:\/\/libreriabonilla.com.mx\/index.php\/wp-json\/wp\/v2\/product\/782","targetHints":{"allow":["GET"]}}],"collection":[{"href":"https:\/\/libreriabonilla.com.mx\/index.php\/wp-json\/wp\/v2\/product"}],"about":[{"href":"https:\/\/libreriabonilla.com.mx\/index.php\/wp-json\/wp\/v2\/types\/product"}],"replies":[{"embeddable":true,"href":"https:\/\/libreriabonilla.com.mx\/index.php\/wp-json\/wp\/v2\/comments?post=782"}],"wp:featuredmedia":[{"embeddable":true,"href":"https:\/\/libreriabonilla.com.mx\/index.php\/wp-json\/wp\/v2\/media\/860"}],"wp:attachment":[{"href":"https:\/\/libreriabonilla.com.mx\/index.php\/wp-json\/wp\/v2\/media?parent=782"}],"wp:term":[{"taxonomy":"product_brand","embeddable":true,"href":"https:\/\/libreriabonilla.com.mx\/index.php\/wp-json\/wp\/v2\/product_brand?post=782"},{"taxonomy":"product_cat","embeddable":true,"href":"https:\/\/libreriabonilla.com.mx\/index.php\/wp-json\/wp\/v2\/product_cat?post=782"},{"taxonomy":"product_tag","embeddable":true,"href":"https:\/\/libreriabonilla.com.mx\/index.php\/wp-json\/wp\/v2\/product_tag?post=782"}],"curies":[{"name":"wp","href":"https:\/\/api.w.org\/{rel}","templated":true}]}}