{"id":778,"date":"2026-04-21T22:23:14","date_gmt":"2026-04-22T01:53:14","guid":{"rendered":"https:\/\/libreriabonilla.com.mx\/?post_type=product&#038;p=778"},"modified":"2026-04-27T23:21:52","modified_gmt":"2026-04-28T02:51:52","slug":"los-cuentos-del-historiador","status":"publish","type":"product","link":"https:\/\/libreriabonilla.com.mx\/index.php\/producto\/los-cuentos-del-historiador\/","title":{"rendered":"Los cuentos del historiador"},"content":{"rendered":"<p>Los cuentos del historiador es en primera instancia un estudio de la presencia, uso y funci\u00f3n del relato ejemplar en una cr\u00f3nica religiosa novohispana del siglo XVII. Los ejemplos cumplen aqu\u00ed la funci\u00f3n de aportar elementos probatorios a un discurso de corte paneg\u00edrico, encomi\u00e1stico de la orden y sus miembros, como son finalmente todas las historias de \u00f3rdenes religiosas. Adem\u00e1s, en estos textos el ejemplo como prueba particular coincide con la funci\u00f3n ejemplar de la historia en su conjunto, por lo que el an\u00e1lisis conduce a una exploraci\u00f3n de las interesant\u00edsimas y porosas fronteras entre historia y literatura que la historiograf\u00eda religiosa del siglo XVII puede presentar.<\/p>\n<p>Este libro no ha venido al mundo s\u00f3lo con prop\u00f3sitos singulares, porque forma parte de una intenci\u00f3n mayor vinculada a la exploraci\u00f3n de las formas que habr\u00edan tomado los g\u00e9neros de la oratoria antigua (deliberativo, paneg\u00edrico y judicial) en el mundo novohispano. No es por supuesto que se ignore aqu\u00ed que aquellos g\u00e9neros hab\u00edan deca\u00eddo muchos siglos atr\u00e1s, que la ret\u00f3rica hab\u00eda caminado derroteros nuevos; m\u00e1s bien esta curiosidadha nacido de una cultivada esperanza en la sobrevivencia de aquellos g\u00e9neros bajo nuevos rostros, mismos que podr\u00edan ser le\u00eddos, estudiados y relacionados entre s\u00ed con base en aquellos paradigmas.<\/p>\n","protected":false},"excerpt":{"rendered":"<p>P\u00e9rez, Manuel<\/p>\n","protected":false},"featured_media":902,"comment_status":"closed","ping_status":"closed","template":"","meta":[],"product_brand":[],"product_cat":[72],"product_tag":[605],"class_list":{"0":"post-778","1":"product","2":"type-product","3":"status-publish","4":"has-post-thumbnail","6":"product_cat-literatura","7":"product_tag-literatura","9":"first","10":"instock","11":"shipping-taxable","12":"purchasable","13":"product-type-simple"},"jetpack_sharing_enabled":true,"_links":{"self":[{"href":"https:\/\/libreriabonilla.com.mx\/index.php\/wp-json\/wp\/v2\/product\/778","targetHints":{"allow":["GET"]}}],"collection":[{"href":"https:\/\/libreriabonilla.com.mx\/index.php\/wp-json\/wp\/v2\/product"}],"about":[{"href":"https:\/\/libreriabonilla.com.mx\/index.php\/wp-json\/wp\/v2\/types\/product"}],"replies":[{"embeddable":true,"href":"https:\/\/libreriabonilla.com.mx\/index.php\/wp-json\/wp\/v2\/comments?post=778"}],"wp:featuredmedia":[{"embeddable":true,"href":"https:\/\/libreriabonilla.com.mx\/index.php\/wp-json\/wp\/v2\/media\/902"}],"wp:attachment":[{"href":"https:\/\/libreriabonilla.com.mx\/index.php\/wp-json\/wp\/v2\/media?parent=778"}],"wp:term":[{"taxonomy":"product_brand","embeddable":true,"href":"https:\/\/libreriabonilla.com.mx\/index.php\/wp-json\/wp\/v2\/product_brand?post=778"},{"taxonomy":"product_cat","embeddable":true,"href":"https:\/\/libreriabonilla.com.mx\/index.php\/wp-json\/wp\/v2\/product_cat?post=778"},{"taxonomy":"product_tag","embeddable":true,"href":"https:\/\/libreriabonilla.com.mx\/index.php\/wp-json\/wp\/v2\/product_tag?post=778"}],"curies":[{"name":"wp","href":"https:\/\/api.w.org\/{rel}","templated":true}]}}