{"id":774,"date":"2026-04-21T22:23:14","date_gmt":"2026-04-22T01:53:14","guid":{"rendered":"https:\/\/libreriabonilla.com.mx\/?post_type=product&#038;p=774"},"modified":"2026-04-27T23:27:39","modified_gmt":"2026-04-28T02:57:39","slug":"antologia-didactica-del-teatro-latinoamericano-contemporaneo","status":"publish","type":"product","link":"https:\/\/libreriabonilla.com.mx\/index.php\/producto\/antologia-didactica-del-teatro-latinoamericano-contemporaneo\/","title":{"rendered":"Antolog\u00eda did\u00e1ctica del teatro latinoamericano contempor\u00e1neo"},"content":{"rendered":"<p>La presente antolog\u00eda es de car\u00e1cter did\u00e1ctico y entre sus lectores se contempla a los estudiantes de las carreras de teatro. Re\u00fane a diecisiete de los m\u00e1s sobresalientes dramaturgos latinoamericanos, quienes, desde hace tres d\u00e9cadas han publicado, estrenado y presentado las obras que la componen.<\/p>\n<p>Las obras han sido seleccionadas por la riqueza de sus temas y perspectivas. En conjunto, constituyen una apuesta a lo mejor de la dramaturgia latinoamericana contempor\u00e1nea: humor, critica, imaginaci\u00f3n, reflexi\u00f3n, iron\u00eda.<br \/>\nLos lectores encontrar\u00e1n a dramaturgos como Ana Istar\u00fa, Newton Fabio Cavalcati Moreno, Marina Rodr\u00edguez que presentan a pa\u00edses tan diversos como Costa Rica, Brasil, Uruguay. Cada obra ilustra un momento en el tiempo, una visi\u00f3n de mundo, una historia latinoamericana que todos compartimos. Por separado, nos presentan la realidad del pa\u00eds y el momento en el que fueron creadas y presentadas, en conjunto son la Am\u00e9rica Latina de las \u00faltimas tes d\u00e9cadas.<\/p>\n","protected":false},"excerpt":{"rendered":"<p>Garc\u00eda, Oscar Armando<\/p>\n","protected":false},"featured_media":972,"comment_status":"closed","ping_status":"closed","template":"","meta":[],"product_brand":[],"product_cat":[66,22,570],"product_tag":[704,686],"class_list":{"0":"post-774","1":"product","2":"type-product","3":"status-publish","4":"has-post-thumbnail","6":"product_cat-arte","7":"product_cat-sin-categorizar","8":"product_cat-teatro","9":"product_tag-arte","10":"product_tag-teatro","12":"first","13":"instock","14":"shipping-taxable","15":"purchasable","16":"product-type-simple"},"jetpack_sharing_enabled":true,"_links":{"self":[{"href":"https:\/\/libreriabonilla.com.mx\/index.php\/wp-json\/wp\/v2\/product\/774","targetHints":{"allow":["GET"]}}],"collection":[{"href":"https:\/\/libreriabonilla.com.mx\/index.php\/wp-json\/wp\/v2\/product"}],"about":[{"href":"https:\/\/libreriabonilla.com.mx\/index.php\/wp-json\/wp\/v2\/types\/product"}],"replies":[{"embeddable":true,"href":"https:\/\/libreriabonilla.com.mx\/index.php\/wp-json\/wp\/v2\/comments?post=774"}],"wp:featuredmedia":[{"embeddable":true,"href":"https:\/\/libreriabonilla.com.mx\/index.php\/wp-json\/wp\/v2\/media\/972"}],"wp:attachment":[{"href":"https:\/\/libreriabonilla.com.mx\/index.php\/wp-json\/wp\/v2\/media?parent=774"}],"wp:term":[{"taxonomy":"product_brand","embeddable":true,"href":"https:\/\/libreriabonilla.com.mx\/index.php\/wp-json\/wp\/v2\/product_brand?post=774"},{"taxonomy":"product_cat","embeddable":true,"href":"https:\/\/libreriabonilla.com.mx\/index.php\/wp-json\/wp\/v2\/product_cat?post=774"},{"taxonomy":"product_tag","embeddable":true,"href":"https:\/\/libreriabonilla.com.mx\/index.php\/wp-json\/wp\/v2\/product_tag?post=774"}],"curies":[{"name":"wp","href":"https:\/\/api.w.org\/{rel}","templated":true}]}}