{"id":770,"date":"2026-04-21T22:23:14","date_gmt":"2026-04-22T01:53:14","guid":{"rendered":"https:\/\/libreriabonilla.com.mx\/?post_type=product&#038;p=770"},"modified":"2026-05-11T21:34:24","modified_gmt":"2026-05-12T01:04:24","slug":"galeria-de-palabras-la-variedad-de-la-ecfrasis","status":"publish","type":"product","link":"https:\/\/libreriabonilla.com.mx\/index.php\/producto\/galeria-de-palabras-la-variedad-de-la-ecfrasis\/","title":{"rendered":"Galer\u00eda de palabras. La variedad de la ecfrasis"},"content":{"rendered":"<p>En este libro Irene Artigas Albarelli, anteponiendo a la visi\u00f3n de los primeros analistas del relato que buscaban encontrar la \u201cestructura de todos los relatos\u201d, la noci\u00f3n de lo escribible, la cual \u201cest\u00e1 emparentada con \u2013lo literario\u2013, lo que s\u00f3lo podemos atisbar\u201d, nos lleva por un recorrido ecfr\u00e1stico (de ecfrasis: ek[afuera] y phrasein [decir, declarar, pronunciar]) en el que demuestra de una manera pr\u00e1ctica la profunda relaci\u00f3n entre poes\u00eda y la cr\u00edtica literaria.<\/p>\n<p>Galer\u00eda de palabras: la variedad de la Ecfrasis se presenta como un transitar que relaciona a Willaim Carlos Williams y Seamus Heaney con Brueghel; a Rafael Alberti con El Bosco; a John Ashbery con Parmigianino, Ernst, Picasso y Mir\u00f3; a Margaret Atwood \u2013pasando por Browning y Shelley\u2013 con Manet; a Derek Walcott con Rembrandt; a Joseph Cornell con Octavio Paz y Elizabeth Bishop; para terminar con un poema de Olga Orozco en el que habla de los zapatos de Vincent van Gogh. De esta manera muestra el alcance de los estudios de literatura comparada y de la interdisciplina.<\/p>\n","protected":false},"excerpt":{"rendered":"<p>Artigas Albarelli, Irene<\/p>\n","protected":false},"featured_media":1391,"comment_status":"closed","ping_status":"closed","template":"","meta":[],"product_brand":[],"product_cat":[72],"product_tag":[128,605,584],"class_list":{"0":"post-770","1":"product","2":"type-product","3":"status-publish","4":"has-post-thumbnail","6":"product_cat-literatura","7":"product_tag-ensayo","8":"product_tag-literatura","9":"product_tag-literatura-mexicana","11":"first","12":"instock","13":"shipping-taxable","14":"purchasable","15":"product-type-simple"},"jetpack_sharing_enabled":true,"_links":{"self":[{"href":"https:\/\/libreriabonilla.com.mx\/index.php\/wp-json\/wp\/v2\/product\/770","targetHints":{"allow":["GET"]}}],"collection":[{"href":"https:\/\/libreriabonilla.com.mx\/index.php\/wp-json\/wp\/v2\/product"}],"about":[{"href":"https:\/\/libreriabonilla.com.mx\/index.php\/wp-json\/wp\/v2\/types\/product"}],"replies":[{"embeddable":true,"href":"https:\/\/libreriabonilla.com.mx\/index.php\/wp-json\/wp\/v2\/comments?post=770"}],"wp:featuredmedia":[{"embeddable":true,"href":"https:\/\/libreriabonilla.com.mx\/index.php\/wp-json\/wp\/v2\/media\/1391"}],"wp:attachment":[{"href":"https:\/\/libreriabonilla.com.mx\/index.php\/wp-json\/wp\/v2\/media?parent=770"}],"wp:term":[{"taxonomy":"product_brand","embeddable":true,"href":"https:\/\/libreriabonilla.com.mx\/index.php\/wp-json\/wp\/v2\/product_brand?post=770"},{"taxonomy":"product_cat","embeddable":true,"href":"https:\/\/libreriabonilla.com.mx\/index.php\/wp-json\/wp\/v2\/product_cat?post=770"},{"taxonomy":"product_tag","embeddable":true,"href":"https:\/\/libreriabonilla.com.mx\/index.php\/wp-json\/wp\/v2\/product_tag?post=770"}],"curies":[{"name":"wp","href":"https:\/\/api.w.org\/{rel}","templated":true}]}}