{"id":764,"date":"2026-04-21T22:23:13","date_gmt":"2026-04-22T01:53:13","guid":{"rendered":"https:\/\/libreriabonilla.com.mx\/?post_type=product&#038;p=764"},"modified":"2026-04-27T23:46:53","modified_gmt":"2026-04-28T03:16:53","slug":"transitos-y-umbrales-en-los-estudios-literarios","status":"publish","type":"product","link":"https:\/\/libreriabonilla.com.mx\/index.php\/producto\/transitos-y-umbrales-en-los-estudios-literarios\/","title":{"rendered":"Tr\u00e1nsitos y umbrales en los estudios literarios"},"content":{"rendered":"<p>Este libro parte de la reflexi\u00f3n colectiva en torno a los Estudios Culturales, proyecto heterog\u00e9neo que surgi\u00f3 en Birminghan, Inglaterra, en la d\u00e9cada de los a\u00f1os sesenta del siglo XX, el cual r\u00e1pidamente se convirti\u00f3 en un vasto campo de producci\u00f3n en torno a una gran diversidad de enfoques e intereses, en cuyo centro se situaba una clara preocupaci\u00f3n pol\u00edtica, pues adem\u00e1s de su reformulaci\u00f3n del marxismo se incorpor\u00f3 a los \u00bb nuevos movimientos sociales\u00bb, como el feminismo, el poscolonialismo y el movimiento gay, entre otros.<br \/>\nNo obstante el inter\u00e9s que en el mundo angloamericano han despertado los estudios culturales en los m\u00e1s diversos campos del conocimiento, alentando todo tipo de exploraci\u00f3n interdisciplinarias, en muchos pa\u00edses de Am\u00e9rica Latina- y M\u00e9xico no es la excepci\u00f3n-, se han confinado a los departamentos de ciencias sociales debido a su evidente compromiso pol\u00edtico, as\u00ed como a su \u00edntima conexi\u00f3n con ciertas preocupaciones que tocan el campo de la sociolog\u00eda y la antropolog\u00eda, en tanto que su presencia en el \u00e1mbito de las Humanidades ha sido limitada. Sin duda, uno de los pocos espacios en los que, en nuestro pa\u00eds, se trabaja con el paradigma interdisciplinario de los Estudios Culturales es la Facultad de Filosof\u00eda y Letras de la Universidad Nacional Aut\u00f3noma de M\u00e9xico y este libro es una muestra de ello.<\/p>\n","protected":false},"excerpt":{"rendered":"<p>Teresa Ochoa, Adriana De<\/p>\n","protected":false},"featured_media":1100,"comment_status":"closed","ping_status":"closed","template":"","meta":[],"product_brand":[],"product_cat":[72,341],"product_tag":[730,584],"class_list":{"0":"post-764","1":"product","2":"type-product","3":"status-publish","4":"has-post-thumbnail","6":"product_cat-literatura","7":"product_cat-litertura-mexicana","8":"product_tag-arte-y-cultura","9":"product_tag-literatura-mexicana","11":"first","12":"instock","13":"shipping-taxable","14":"purchasable","15":"product-type-simple"},"jetpack_sharing_enabled":true,"_links":{"self":[{"href":"https:\/\/libreriabonilla.com.mx\/index.php\/wp-json\/wp\/v2\/product\/764","targetHints":{"allow":["GET"]}}],"collection":[{"href":"https:\/\/libreriabonilla.com.mx\/index.php\/wp-json\/wp\/v2\/product"}],"about":[{"href":"https:\/\/libreriabonilla.com.mx\/index.php\/wp-json\/wp\/v2\/types\/product"}],"replies":[{"embeddable":true,"href":"https:\/\/libreriabonilla.com.mx\/index.php\/wp-json\/wp\/v2\/comments?post=764"}],"wp:featuredmedia":[{"embeddable":true,"href":"https:\/\/libreriabonilla.com.mx\/index.php\/wp-json\/wp\/v2\/media\/1100"}],"wp:attachment":[{"href":"https:\/\/libreriabonilla.com.mx\/index.php\/wp-json\/wp\/v2\/media?parent=764"}],"wp:term":[{"taxonomy":"product_brand","embeddable":true,"href":"https:\/\/libreriabonilla.com.mx\/index.php\/wp-json\/wp\/v2\/product_brand?post=764"},{"taxonomy":"product_cat","embeddable":true,"href":"https:\/\/libreriabonilla.com.mx\/index.php\/wp-json\/wp\/v2\/product_cat?post=764"},{"taxonomy":"product_tag","embeddable":true,"href":"https:\/\/libreriabonilla.com.mx\/index.php\/wp-json\/wp\/v2\/product_tag?post=764"}],"curies":[{"name":"wp","href":"https:\/\/api.w.org\/{rel}","templated":true}]}}