{"id":752,"date":"2026-04-21T22:23:04","date_gmt":"2026-04-22T01:53:04","guid":{"rendered":"https:\/\/libreriabonilla.com.mx\/?post_type=product&#038;p=752"},"modified":"2026-05-12T17:31:57","modified_gmt":"2026-05-12T21:01:57","slug":"arquitectos-espanoles-exiliados-en-mexico","status":"publish","type":"product","link":"https:\/\/libreriabonilla.com.mx\/index.php\/producto\/arquitectos-espanoles-exiliados-en-mexico\/","title":{"rendered":"Arquitectos Espa\u00f1oles exiliados en M\u00e9xico"},"content":{"rendered":"<p>En 1996, cuando se cumpl\u00edan 65 a\u00f1os de la proclamaci\u00f3n de la Segunda Rep\u00fablica Espa\u00f1ola (1931) y 60 del inicio de la Guerra Civil (1936), present\u00e9 en la Escuela T\u00e9cnica Superior de Arquitectura de Barcelona, de la Universidad Polit\u00e9cnica de Catalu\u00f1a, mi tesis doctoral \u00abArquitectos espa\u00f1oles exiliados en M\u00e9xico. Su labor en la Espa\u00f1a republicana (1931-1939) y su integraci\u00f3n en M\u00e9xico\u00bb, dirigida por Josep Maria Montaner y aprobada cum laude por un jurado presidido por Oriol Bohigas. El trabajo obtuvo el Premio Extraordinario de Doctorado en Arquitectura, curso 1995-96. Hoy, cuando se cumple el 75 aniversario del final de aquella guerra y del inicio de la di\u00e1spora republicana (1939), se convierte en el libro que tiene el lector en sus manos. A sugerencia de varios colegas que la conoc\u00edan, acept\u00e9 publicarla admitiendo la opini\u00f3n de que tiene plena vigencia como aportaci\u00f3n a la historia de la arquitectura del siglo XX en ambos pa\u00edses, y que podr\u00e1 servir como base a trabajos posteriores que aborden tem\u00e1ticas similares.<\/p>\n","protected":false},"excerpt":{"rendered":"<p>Del Cueto Ruiz-Funes, Juan Ignacio ,2014<\/p>\n","protected":false},"featured_media":1351,"comment_status":"closed","ping_status":"closed","template":"","meta":[],"product_brand":[],"product_cat":[326,70],"product_tag":[724,752],"class_list":{"0":"post-752","1":"product","2":"type-product","3":"status-publish","4":"has-post-thumbnail","6":"product_cat-arquitectura","7":"product_cat-historia","8":"product_tag-guerra-civil-espanola","9":"product_tag-segunda-republica-espanola","11":"first","12":"instock","13":"shipping-taxable","14":"purchasable","15":"product-type-simple"},"jetpack_sharing_enabled":true,"_links":{"self":[{"href":"https:\/\/libreriabonilla.com.mx\/index.php\/wp-json\/wp\/v2\/product\/752","targetHints":{"allow":["GET"]}}],"collection":[{"href":"https:\/\/libreriabonilla.com.mx\/index.php\/wp-json\/wp\/v2\/product"}],"about":[{"href":"https:\/\/libreriabonilla.com.mx\/index.php\/wp-json\/wp\/v2\/types\/product"}],"replies":[{"embeddable":true,"href":"https:\/\/libreriabonilla.com.mx\/index.php\/wp-json\/wp\/v2\/comments?post=752"}],"wp:featuredmedia":[{"embeddable":true,"href":"https:\/\/libreriabonilla.com.mx\/index.php\/wp-json\/wp\/v2\/media\/1351"}],"wp:attachment":[{"href":"https:\/\/libreriabonilla.com.mx\/index.php\/wp-json\/wp\/v2\/media?parent=752"}],"wp:term":[{"taxonomy":"product_brand","embeddable":true,"href":"https:\/\/libreriabonilla.com.mx\/index.php\/wp-json\/wp\/v2\/product_brand?post=752"},{"taxonomy":"product_cat","embeddable":true,"href":"https:\/\/libreriabonilla.com.mx\/index.php\/wp-json\/wp\/v2\/product_cat?post=752"},{"taxonomy":"product_tag","embeddable":true,"href":"https:\/\/libreriabonilla.com.mx\/index.php\/wp-json\/wp\/v2\/product_tag?post=752"}],"curies":[{"name":"wp","href":"https:\/\/api.w.org\/{rel}","templated":true}]}}