{"id":749,"date":"2026-04-21T22:23:04","date_gmt":"2026-04-22T01:53:04","guid":{"rendered":"https:\/\/libreriabonilla.com.mx\/?post_type=product&#038;p=749"},"modified":"2026-05-12T17:36:45","modified_gmt":"2026-05-12T21:06:45","slug":"heidegger-la-pregunta-por-los-estados-de-animo-1927-1930","status":"publish","type":"product","link":"https:\/\/libreriabonilla.com.mx\/index.php\/producto\/heidegger-la-pregunta-por-los-estados-de-animo-1927-1930\/","title":{"rendered":"Heidegger: La pregunta por los estados de \u00e1nimo (1927-1930)"},"content":{"rendered":"<p>La radicalidad del pensamiento heideggeriano se hace patente al abordar el fen\u00f3meno de la afectividad. La pregunta por los estaods de \u00e1nimo (stimmung) abierta por Heidegger establece as\u00ed un dialogo con lapsicolog\u00eda y la psquiatr\u00eda, ciencias naturales a las que parece competir el estudio de dicho fen\u00f3meno fundamental. La reflexi\u00f3n de los estados de animo en la filosof\u00edaheideggeriana ocupar\u00e1 ese lugar, que en otros pensadores s\u00f3lo lo hac\u00eda de manera relativa, esto es, siempre en relaci\u00f3n con l araz\u00f3n y la voluntad, como las facultades determinantes del alma humana y su radicalidad est\u00e1 en que este fen\u00f3meno antecede a toda facultad y la determina. En efecto, la definici\u00f3n del hombre como animal racional, propuesta por la tradici\u00f3n reconoce como esencial estas dos facultades que abarcan de una manera u otra todos los fen\u00f3menos que constituyen el hombre. Al abordar la cuesti\u00f3n de los estados de \u00e1nimo, no pretende reconocer el \u00e1mbito de lo irracional frente a lo racional, sino justamente reconocer la luz que de dicho fen\u00f3meno procede. Luz que si bien no tiene el car\u00e1cter del conocimiento racional, da noticia de ese \u00e1mbito originario en el que la filosof\u00eda debe situarse. Es un hecho innegable que no todo lo que queremos o dejamos de querer se origina, o es resultado de un proceso racional.<\/p>\n","protected":false},"excerpt":{"rendered":"<p>Gilardi, Pilar ,2014<\/p>\n","protected":false},"featured_media":957,"comment_status":"closed","ping_status":"closed","template":"","meta":[],"product_brand":[],"product_cat":[31,39],"product_tag":[753,754],"class_list":{"0":"post-749","1":"product","2":"type-product","3":"status-publish","4":"has-post-thumbnail","6":"product_cat-ensayo","7":"product_cat-filosofia","8":"product_tag-filosofia","9":"product_tag-heidegger","11":"first","12":"instock","13":"shipping-taxable","14":"purchasable","15":"product-type-simple"},"jetpack_sharing_enabled":true,"_links":{"self":[{"href":"https:\/\/libreriabonilla.com.mx\/index.php\/wp-json\/wp\/v2\/product\/749","targetHints":{"allow":["GET"]}}],"collection":[{"href":"https:\/\/libreriabonilla.com.mx\/index.php\/wp-json\/wp\/v2\/product"}],"about":[{"href":"https:\/\/libreriabonilla.com.mx\/index.php\/wp-json\/wp\/v2\/types\/product"}],"replies":[{"embeddable":true,"href":"https:\/\/libreriabonilla.com.mx\/index.php\/wp-json\/wp\/v2\/comments?post=749"}],"wp:featuredmedia":[{"embeddable":true,"href":"https:\/\/libreriabonilla.com.mx\/index.php\/wp-json\/wp\/v2\/media\/957"}],"wp:attachment":[{"href":"https:\/\/libreriabonilla.com.mx\/index.php\/wp-json\/wp\/v2\/media?parent=749"}],"wp:term":[{"taxonomy":"product_brand","embeddable":true,"href":"https:\/\/libreriabonilla.com.mx\/index.php\/wp-json\/wp\/v2\/product_brand?post=749"},{"taxonomy":"product_cat","embeddable":true,"href":"https:\/\/libreriabonilla.com.mx\/index.php\/wp-json\/wp\/v2\/product_cat?post=749"},{"taxonomy":"product_tag","embeddable":true,"href":"https:\/\/libreriabonilla.com.mx\/index.php\/wp-json\/wp\/v2\/product_tag?post=749"}],"curies":[{"name":"wp","href":"https:\/\/api.w.org\/{rel}","templated":true}]}}