{"id":742,"date":"2026-04-21T22:23:03","date_gmt":"2026-04-22T01:53:03","guid":{"rendered":"https:\/\/libreriabonilla.com.mx\/?post_type=product&#038;p=742"},"modified":"2026-05-12T17:48:47","modified_gmt":"2026-05-12T21:18:47","slug":"memoria-y-resistencia-representaciones-de-la-subjetividad-en-la-novela-latinoamericana-de-fin-de-siglo","status":"publish","type":"product","link":"https:\/\/libreriabonilla.com.mx\/index.php\/producto\/memoria-y-resistencia-representaciones-de-la-subjetividad-en-la-novela-latinoamericana-de-fin-de-siglo\/","title":{"rendered":"Memoria y resistencia: representaciones de la subjetividad en la novela latinoamericana de fin de siglo"},"content":{"rendered":"<p>En este libro, Ra\u00fal Verduzco explora tres aspectos fundamentales en la literatura latinoamericana de finales del siglo XX: el sujeto en sus m\u00faltiples acepciones, la memoria como herramienta y eje, y la resistencia como uno de los complementos de la memoria misma. Tomando como referente ejemplos de la literatura de pa\u00edses como M\u00e9xico, Brasil y Argentina, el autor reflexiona sobre el papel de la memoria en la construcci\u00f3n de personajes, de la identidad, de las tradiciones sociales y literarias as\u00ed como el discurso que se genera en torno a ella. Memoria y resistencia: representaciones de la subjetividad en la novela latinoamericana de fin de siglo es el producto de una minuciosa investigaci\u00f3n que busca entender mejor el panorama de la novela latinoamericana, los diferentes matices que puede mostrar y los planteamientos que hace en los albores del fin de siglo pasado.<\/p>\n","protected":false},"excerpt":{"rendered":"<p>Verduzco Garza, Raul C.,2014<\/p>\n","protected":false},"featured_media":877,"comment_status":"closed","ping_status":"closed","template":"","meta":[],"product_brand":[],"product_cat":[72,126],"product_tag":[605,757],"class_list":{"0":"post-742","1":"product","2":"type-product","3":"status-publish","4":"has-post-thumbnail","6":"product_cat-literatura","7":"product_cat-literatura-latinoamericana","8":"product_tag-literatura","9":"product_tag-literatura-latinoamericana","11":"first","12":"instock","13":"shipping-taxable","14":"purchasable","15":"product-type-simple"},"jetpack_sharing_enabled":true,"_links":{"self":[{"href":"https:\/\/libreriabonilla.com.mx\/index.php\/wp-json\/wp\/v2\/product\/742","targetHints":{"allow":["GET"]}}],"collection":[{"href":"https:\/\/libreriabonilla.com.mx\/index.php\/wp-json\/wp\/v2\/product"}],"about":[{"href":"https:\/\/libreriabonilla.com.mx\/index.php\/wp-json\/wp\/v2\/types\/product"}],"replies":[{"embeddable":true,"href":"https:\/\/libreriabonilla.com.mx\/index.php\/wp-json\/wp\/v2\/comments?post=742"}],"wp:featuredmedia":[{"embeddable":true,"href":"https:\/\/libreriabonilla.com.mx\/index.php\/wp-json\/wp\/v2\/media\/877"}],"wp:attachment":[{"href":"https:\/\/libreriabonilla.com.mx\/index.php\/wp-json\/wp\/v2\/media?parent=742"}],"wp:term":[{"taxonomy":"product_brand","embeddable":true,"href":"https:\/\/libreriabonilla.com.mx\/index.php\/wp-json\/wp\/v2\/product_brand?post=742"},{"taxonomy":"product_cat","embeddable":true,"href":"https:\/\/libreriabonilla.com.mx\/index.php\/wp-json\/wp\/v2\/product_cat?post=742"},{"taxonomy":"product_tag","embeddable":true,"href":"https:\/\/libreriabonilla.com.mx\/index.php\/wp-json\/wp\/v2\/product_tag?post=742"}],"curies":[{"name":"wp","href":"https:\/\/api.w.org\/{rel}","templated":true}]}}