{"id":729,"date":"2026-04-21T22:22:52","date_gmt":"2026-04-22T01:52:52","guid":{"rendered":"https:\/\/libreriabonilla.com.mx\/?post_type=product&#038;p=729"},"modified":"2026-05-12T18:15:45","modified_gmt":"2026-05-12T21:45:45","slug":"miradas-que-se-cruzan","status":"publish","type":"product","link":"https:\/\/libreriabonilla.com.mx\/index.php\/producto\/miradas-que-se-cruzan\/","title":{"rendered":"Miradas que se cruzan"},"content":{"rendered":"<p>A partir de la reconceptualizaci\u00f3n de los modos de representaci\u00f3n f\u00edlmica derivada de los estudios culturales, y a la cual se denomina \u00abgiro espacial\u00bb, Maximiliano Maza P\u00e9rez plantea y responde a preguntas del tipo: \u00bfC\u00f3mo denominar a la nueva cinematograf\u00eda fronteriza? \u00bfCu\u00e1les son sus caracter\u00edsticas? \u00bfDe qu\u00e9 manera se representan los elementos que constituyen el cine fronterizo contempor\u00e1neo en las recientes producciones f\u00edlmicas sobre la frontera m\u00e9xico-estadounidense?<br \/>\nPara ello, explora y caracteriza los modos de representaci\u00f3n f\u00edlmica de los espacios rurales y urbanos de la frontera entre M\u00e9xico y los Estados Unidos, en un conjunto de pel\u00edculas con tem\u00e1tica y ubicaci\u00f3n geogr\u00e1fica fronterizas producidas en a\u00f1os recientes; y, a partir de la caracterizaci\u00f3n de los modos de representaci\u00f3n f\u00edlmica de dicha regi\u00f3n, analiza los elementos que constituyen esta nueva cinematograf\u00eda, en particular aquellos de car\u00e1cter espacial y geogr\u00e1fico que contribuyen a que el concepto contempor\u00e1neo de frontera trascienda el \u00e1mbito de lo tangible para insertarse en la esfera de lo simb\u00f3lico.<\/p>\n","protected":false},"excerpt":{"rendered":"<p>Maza P\u00e9rez, Maximilano ,2014<\/p>\n","protected":false},"featured_media":1384,"comment_status":"closed","ping_status":"closed","template":"","meta":[],"product_brand":[],"product_cat":[239,384],"product_tag":[714,760],"class_list":{"0":"post-729","1":"product","2":"type-product","3":"status-publish","4":"has-post-thumbnail","6":"product_cat-cine","7":"product_cat-comunicacion","8":"product_tag-cine","9":"product_tag-comunicacion","11":"first","12":"instock","13":"shipping-taxable","14":"purchasable","15":"product-type-simple"},"jetpack_sharing_enabled":true,"_links":{"self":[{"href":"https:\/\/libreriabonilla.com.mx\/index.php\/wp-json\/wp\/v2\/product\/729","targetHints":{"allow":["GET"]}}],"collection":[{"href":"https:\/\/libreriabonilla.com.mx\/index.php\/wp-json\/wp\/v2\/product"}],"about":[{"href":"https:\/\/libreriabonilla.com.mx\/index.php\/wp-json\/wp\/v2\/types\/product"}],"replies":[{"embeddable":true,"href":"https:\/\/libreriabonilla.com.mx\/index.php\/wp-json\/wp\/v2\/comments?post=729"}],"wp:featuredmedia":[{"embeddable":true,"href":"https:\/\/libreriabonilla.com.mx\/index.php\/wp-json\/wp\/v2\/media\/1384"}],"wp:attachment":[{"href":"https:\/\/libreriabonilla.com.mx\/index.php\/wp-json\/wp\/v2\/media?parent=729"}],"wp:term":[{"taxonomy":"product_brand","embeddable":true,"href":"https:\/\/libreriabonilla.com.mx\/index.php\/wp-json\/wp\/v2\/product_brand?post=729"},{"taxonomy":"product_cat","embeddable":true,"href":"https:\/\/libreriabonilla.com.mx\/index.php\/wp-json\/wp\/v2\/product_cat?post=729"},{"taxonomy":"product_tag","embeddable":true,"href":"https:\/\/libreriabonilla.com.mx\/index.php\/wp-json\/wp\/v2\/product_tag?post=729"}],"curies":[{"name":"wp","href":"https:\/\/api.w.org\/{rel}","templated":true}]}}