{"id":726,"date":"2026-04-21T22:22:52","date_gmt":"2026-04-22T01:52:52","guid":{"rendered":"https:\/\/libreriabonilla.com.mx\/?post_type=product&#038;p=726"},"modified":"2026-05-12T18:18:46","modified_gmt":"2026-05-12T21:48:46","slug":"sin-origen-sin-semilla","status":"publish","type":"product","link":"https:\/\/libreriabonilla.com.mx\/index.php\/producto\/sin-origen-sin-semilla\/","title":{"rendered":"Sin Origen, sin semilla"},"content":{"rendered":"<p>Sin origen\/ Sin semilla fue la primera exposici\u00f3n de arte transg\u00e9nico y biotecnol\u00f3gico en M\u00e9xico. Se llev\u00f3 a cabo entre 2012 y 2013 en el muca Roma y en el muac de la unam. Con la participaci\u00f3n de los colectivos BIOS Ex machinA, MediaLab y de tres artistas: Polona Tratnik, Ariel Guzik y Andy Gracie; y gracias a la curadur\u00eda de Mar\u00eda Antonia Gonz\u00e1lez Valerio y Liliana Quintero, estuvieron en exhibici\u00f3n ocho piezas.<br \/>\nEste libro re\u00fane los textos que acompa\u00f1aban a las piezas, como complemento, suplemento o incluso exceso frente a las propuestas pl\u00e1sticas, visuales y sonoras.<br \/>\nEl arte que se produce en el entrecruzamiento con la ciencia y la tecnolog\u00eda suele provenir de reflexiones filos\u00f3ficas y puntuales investigaciones, por ello, su acompa\u00f1amiento te\u00f3rico es sustancial. Rosaura Mart\u00ednez, Deborah Dorotinksy y Jens Hauser han escrito textos que ayudan a contextualizar la exposici\u00f3n y a ponerla en perspectiva. Quintero y Gonz\u00e1lez Valerio se dan a la tarea de pensar lo acontecido dentro del trabajo de los colectivos, lo que relanza la pregunta acerca de los flujos y las din\u00e1micas en el \u00e1mbito creativo y de investigaci\u00f3n.<br \/>\nSin origen\/ Sin semilla tuvo un car\u00e1cter experimental y abierto. La vida con or\u00edgenes dislocados, las semillas maquinizadas, el ma\u00edz intervenido, plastificado, las plantas sonorizadas, registradas en su respiraci\u00f3n, el crecimiento y los espejos en el agua, los imaginarios y los discursos y la ciencia ficci\u00f3n; todo eso puesto en juego en un fluir de arte, ciencia y filosof\u00eda que ha creado una posibilidad de experiencia que ahora se vuelve, en estas p\u00e1ginas, lectura de textos y de fotograf\u00edas.<br \/>\nSin origen\/ Sin semilla es un escenario de ficci\u00f3n donde la vida aparece (en) medio<\/p>\n","protected":false},"excerpt":{"rendered":"<p>Gonz\u00e1lez Valerio, Mar\u00eda Antonia,2014<\/p>\n","protected":false},"featured_media":1072,"comment_status":"closed","ping_status":"closed","template":"","meta":[],"product_brand":[],"product_cat":[66],"product_tag":[704],"class_list":{"0":"post-726","1":"product","2":"type-product","3":"status-publish","4":"has-post-thumbnail","6":"product_cat-arte","7":"product_tag-arte","9":"first","10":"instock","11":"shipping-taxable","12":"purchasable","13":"product-type-simple"},"jetpack_sharing_enabled":true,"_links":{"self":[{"href":"https:\/\/libreriabonilla.com.mx\/index.php\/wp-json\/wp\/v2\/product\/726","targetHints":{"allow":["GET"]}}],"collection":[{"href":"https:\/\/libreriabonilla.com.mx\/index.php\/wp-json\/wp\/v2\/product"}],"about":[{"href":"https:\/\/libreriabonilla.com.mx\/index.php\/wp-json\/wp\/v2\/types\/product"}],"replies":[{"embeddable":true,"href":"https:\/\/libreriabonilla.com.mx\/index.php\/wp-json\/wp\/v2\/comments?post=726"}],"wp:featuredmedia":[{"embeddable":true,"href":"https:\/\/libreriabonilla.com.mx\/index.php\/wp-json\/wp\/v2\/media\/1072"}],"wp:attachment":[{"href":"https:\/\/libreriabonilla.com.mx\/index.php\/wp-json\/wp\/v2\/media?parent=726"}],"wp:term":[{"taxonomy":"product_brand","embeddable":true,"href":"https:\/\/libreriabonilla.com.mx\/index.php\/wp-json\/wp\/v2\/product_brand?post=726"},{"taxonomy":"product_cat","embeddable":true,"href":"https:\/\/libreriabonilla.com.mx\/index.php\/wp-json\/wp\/v2\/product_cat?post=726"},{"taxonomy":"product_tag","embeddable":true,"href":"https:\/\/libreriabonilla.com.mx\/index.php\/wp-json\/wp\/v2\/product_tag?post=726"}],"curies":[{"name":"wp","href":"https:\/\/api.w.org\/{rel}","templated":true}]}}