{"id":725,"date":"2026-04-21T22:22:52","date_gmt":"2026-04-22T01:52:52","guid":{"rendered":"https:\/\/libreriabonilla.com.mx\/?post_type=product&#038;p=725"},"modified":"2026-05-12T18:19:52","modified_gmt":"2026-05-12T21:49:52","slug":"arritmias","status":"publish","type":"product","link":"https:\/\/libreriabonilla.com.mx\/index.php\/producto\/arritmias\/","title":{"rendered":"Arritmias"},"content":{"rendered":"<p>\u00abArritmias se lee como un poema y como una narraci\u00f3n. Libro-eco, personal y aun personal\u00edsimo. Libro de maravillas y de terrores, sue\u00f1os, historias interrumpidas, esperas y esperanzas ang\u00e9licas_ Libro de horas y de gracias y desgracias_ Empieza sombr\u00edamente y poco a poco se va abriendo como un tulip\u00e1n submarino y nocturno, deseado y deseante_ tambi\u00e9n [es] un libro misterioso, y como un librero donde est\u00e1n acomodados\/desacomodados muchos otros libros que se van leyendo al lector al azar_\u00bb.<\/p>\n<p>Adolfo Casta\u00f1\u00f3n<\/p>\n<p>Las semanas del jard\u00edn -expresi\u00f3n de claro resonar cervantino- reunir\u00e1 en su alacena libros y obras de autores predominantemente americanos, aspira a acotar con su censo editorial un espacio de conversaci\u00f3n, un \u00e1mbito de debate, un territorio de curiosidad y observaci\u00f3n, vigilia cr\u00edtica y amena pausa. En su reloj y calendario, Las semanas del jard\u00edn ir\u00e1n deslindando una suerte de arsenal de la imaginaci\u00f3n en movimiento y de la palabra que se desdobla en juego y aventura como esta prosa hermosa y verdadera, terrible y real de Angelina Mu\u00f1iz-Huberman. Cada volumen buscar\u00e1 responder a una afinidad elegida y electiva, a un acento cordial e inteligente entre el autor, el lector y el editor anfitri\u00f3n que busca lecci\u00f3n en el azar organizado en la letra como quien descubre que la met\u00e1fora es una obra de arte en miniatura<\/p>\n","protected":false},"excerpt":{"rendered":"<p>Mu\u00f1iz-Huberman, Angelina,2015<\/p>\n","protected":false},"featured_media":1040,"comment_status":"closed","ping_status":"closed","template":"","meta":[],"product_brand":[],"product_cat":[72],"product_tag":[605],"class_list":{"0":"post-725","1":"product","2":"type-product","3":"status-publish","4":"has-post-thumbnail","6":"product_cat-literatura","7":"product_tag-literatura","9":"first","10":"instock","11":"shipping-taxable","12":"purchasable","13":"product-type-simple"},"jetpack_sharing_enabled":true,"_links":{"self":[{"href":"https:\/\/libreriabonilla.com.mx\/index.php\/wp-json\/wp\/v2\/product\/725","targetHints":{"allow":["GET"]}}],"collection":[{"href":"https:\/\/libreriabonilla.com.mx\/index.php\/wp-json\/wp\/v2\/product"}],"about":[{"href":"https:\/\/libreriabonilla.com.mx\/index.php\/wp-json\/wp\/v2\/types\/product"}],"replies":[{"embeddable":true,"href":"https:\/\/libreriabonilla.com.mx\/index.php\/wp-json\/wp\/v2\/comments?post=725"}],"wp:featuredmedia":[{"embeddable":true,"href":"https:\/\/libreriabonilla.com.mx\/index.php\/wp-json\/wp\/v2\/media\/1040"}],"wp:attachment":[{"href":"https:\/\/libreriabonilla.com.mx\/index.php\/wp-json\/wp\/v2\/media?parent=725"}],"wp:term":[{"taxonomy":"product_brand","embeddable":true,"href":"https:\/\/libreriabonilla.com.mx\/index.php\/wp-json\/wp\/v2\/product_brand?post=725"},{"taxonomy":"product_cat","embeddable":true,"href":"https:\/\/libreriabonilla.com.mx\/index.php\/wp-json\/wp\/v2\/product_cat?post=725"},{"taxonomy":"product_tag","embeddable":true,"href":"https:\/\/libreriabonilla.com.mx\/index.php\/wp-json\/wp\/v2\/product_tag?post=725"}],"curies":[{"name":"wp","href":"https:\/\/api.w.org\/{rel}","templated":true}]}}