{"id":722,"date":"2026-04-21T22:22:52","date_gmt":"2026-04-22T01:52:52","guid":{"rendered":"https:\/\/libreriabonilla.com.mx\/?post_type=product&#038;p=722"},"modified":"2026-05-12T22:52:07","modified_gmt":"2026-05-13T02:22:07","slug":"deconstruccion-y-genealogia-del-concepto-de-dignidad-de-los-pueblos-originarios-en-el-pensamiento-latinoamericano","status":"publish","type":"product","link":"https:\/\/libreriabonilla.com.mx\/index.php\/producto\/deconstruccion-y-genealogia-del-concepto-de-dignidad-de-los-pueblos-originarios-en-el-pensamiento-latinoamericano\/","title":{"rendered":"Deconstrucci\u00f3n y genealog\u00eda del concepto de dignidad de los pueblos originarios en el pensamiento latinoamericano"},"content":{"rendered":"<p>El levantamiento zapatista en M\u00e9xico puso en evidencia el nosotros culturalmente homog\u00e9neo, con incapacidades intelectuales y \u00e9ticas para comprender la humanidad rebelde que en \u00e9l se hac\u00eda presente. Los levantados exhibieron las limitaciones de ciertos paradigmas y dial\u00e9cticas para registrar la otredad desde la igualdad de todos los humanos, que no renuncian a ser diferentes respecto a la b\u00fasqueda del sentido de la vida en com\u00fan.<br \/>\nLos pueblos originarios ind\u00edgenas, como pueblos con historias de dominaci\u00f3n y exterminio a lo largo de su pervivencia y resistencias, han experimentado las graf\u00edas de poder y de valor que no les hacen part\u00edcipes de su entendimiento de justicia, ya sea porque \u00e9sta sea concebida como abolici\u00f3n de posiciones injustas, como clases sociales, o bien como la que brinda a todos los individuos las oportunidades para perseguir sus intereses particulares a partir de sus m\u00e9ritos. Desde una \u00f3ptica \u00e9tica se puede decir que la tradici\u00f3n iluminista, palad\u00edn de la libertad del individuo, carece de sensores que registren la dignidad de los pueblos originarios y, en su declinaci\u00f3n extrema como individualismo, hace de sus criterios \u00e9ticos de autonom\u00eda y validez del imperativo categ\u00f3rico elementos de una \u00e9tica heter\u00f3noma para ellos<\/p>\n","protected":false},"excerpt":{"rendered":"<p>Guerrero Guerrero, Ana Luisa,2015<\/p>\n","protected":false},"featured_media":1096,"comment_status":"closed","ping_status":"closed","template":"","meta":[],"product_brand":[],"product_cat":[272],"product_tag":[128,765],"class_list":{"0":"post-722","1":"product","2":"type-product","3":"status-publish","4":"has-post-thumbnail","6":"product_cat-america-latina","7":"product_tag-ensayo","8":"product_tag-zapatismo","10":"first","11":"instock","12":"shipping-taxable","13":"purchasable","14":"product-type-simple"},"jetpack_sharing_enabled":true,"_links":{"self":[{"href":"https:\/\/libreriabonilla.com.mx\/index.php\/wp-json\/wp\/v2\/product\/722","targetHints":{"allow":["GET"]}}],"collection":[{"href":"https:\/\/libreriabonilla.com.mx\/index.php\/wp-json\/wp\/v2\/product"}],"about":[{"href":"https:\/\/libreriabonilla.com.mx\/index.php\/wp-json\/wp\/v2\/types\/product"}],"replies":[{"embeddable":true,"href":"https:\/\/libreriabonilla.com.mx\/index.php\/wp-json\/wp\/v2\/comments?post=722"}],"wp:featuredmedia":[{"embeddable":true,"href":"https:\/\/libreriabonilla.com.mx\/index.php\/wp-json\/wp\/v2\/media\/1096"}],"wp:attachment":[{"href":"https:\/\/libreriabonilla.com.mx\/index.php\/wp-json\/wp\/v2\/media?parent=722"}],"wp:term":[{"taxonomy":"product_brand","embeddable":true,"href":"https:\/\/libreriabonilla.com.mx\/index.php\/wp-json\/wp\/v2\/product_brand?post=722"},{"taxonomy":"product_cat","embeddable":true,"href":"https:\/\/libreriabonilla.com.mx\/index.php\/wp-json\/wp\/v2\/product_cat?post=722"},{"taxonomy":"product_tag","embeddable":true,"href":"https:\/\/libreriabonilla.com.mx\/index.php\/wp-json\/wp\/v2\/product_tag?post=722"}],"curies":[{"name":"wp","href":"https:\/\/api.w.org\/{rel}","templated":true}]}}