{"id":703,"date":"2026-04-21T22:22:51","date_gmt":"2026-04-22T01:52:51","guid":{"rendered":"https:\/\/libreriabonilla.com.mx\/?post_type=product&#038;p=703"},"modified":"2026-05-12T23:50:30","modified_gmt":"2026-05-13T03:20:30","slug":"mexico-en-la-obra-de-roberto-bolano-memoria-y-territorio","status":"publish","type":"product","link":"https:\/\/libreriabonilla.com.mx\/index.php\/producto\/mexico-en-la-obra-de-roberto-bolano-memoria-y-territorio\/","title":{"rendered":"M\u00e9xico en la obra de Roberto Bola\u00f1o: Memoria y territorio"},"content":{"rendered":"<p>Roberto Bola\u00f1o lleg\u00f3 a M\u00e9xico como adolescente, el tiempo que pas\u00f3 en esta ciudad lo dedic\u00f3 a robar y devorar libros. Hizo amistades que lo marcaron, como marcan las amistades en la juventud, y pas\u00f3 el tiempo alimentando su imaginaci\u00f3n con temas y personajes mexicanos. A\u00f1os despu\u00e9s su escritura encontr\u00f3 en esta imaginaci\u00f3n nutrida de lo mexicano los escenarios y los personajes para su obra.<\/p>\n<p>Este libro sigue a Bola\u00f1o en su paso por M\u00e9xico, y busca recuperar la evidencia que dej\u00f3 entre l\u00edneas el autor de Los detectives salvajes (ganadora del premio R\u00f3mulo Gallegos en 1999) y 2666, para resonder a interrogantes sobre \u00bfpor qu\u00e9 elige Bola\u00f1o a M\u00e9xico como el espacio para situar la trama de sus novelas? \u00bfEs s\u00f3lo un conteto geogr\u00e1fico o influye en el devenir de los argumentos y de los personajes? \u00bfQu\u00e9 significado acarrean los lugares tan distintos como lo urbno, lo des\u00e9rtico y la frontera?<\/p>\n<p>El autor identifica una intensifiaci\u00f3n en el tratamiento del tema mexicano, primero en ambientes, personajes y temas, para, finalmente, convertirse en el centro narrativo de las obras mayores del autor chileno. La imagen de M\u00e9xico se asocia con la idea del crimen, de la muerte y del mal; caracterizaci\u00f3n profundamente pesimista, casi apocal\u00edptica, lo que le permite hacer una lectura simb\u00f3lica de la novela, haciendo referencia al origen m\u00edtico de M\u00e9xico como el pa\u00eds remoto y ex\u00f3tico en donde se conservan fuerzas naturales primigenias, a veces destructivas, en donde se encarna el esp\u00edritu maligno y criminal azteca y en donde se verifica la ca\u00edda o el extrav\u00edo del visitante extranjero.<\/p>\n","protected":false},"excerpt":{"rendered":"<p>Saucedo Lastra, Fernando,2015<\/p>\n","protected":false},"featured_media":1010,"comment_status":"closed","ping_status":"closed","template":"","meta":[],"product_brand":[],"product_cat":[113,72],"product_tag":[771,605,772],"class_list":{"0":"post-703","1":"product","2":"type-product","3":"status-publish","4":"has-post-thumbnail","6":"product_cat-biografia","7":"product_cat-literatura","8":"product_tag-biografia","9":"product_tag-literatura","10":"product_tag-roberto-bolano","12":"first","13":"instock","14":"shipping-taxable","15":"purchasable","16":"product-type-simple"},"jetpack_sharing_enabled":true,"_links":{"self":[{"href":"https:\/\/libreriabonilla.com.mx\/index.php\/wp-json\/wp\/v2\/product\/703","targetHints":{"allow":["GET"]}}],"collection":[{"href":"https:\/\/libreriabonilla.com.mx\/index.php\/wp-json\/wp\/v2\/product"}],"about":[{"href":"https:\/\/libreriabonilla.com.mx\/index.php\/wp-json\/wp\/v2\/types\/product"}],"replies":[{"embeddable":true,"href":"https:\/\/libreriabonilla.com.mx\/index.php\/wp-json\/wp\/v2\/comments?post=703"}],"wp:featuredmedia":[{"embeddable":true,"href":"https:\/\/libreriabonilla.com.mx\/index.php\/wp-json\/wp\/v2\/media\/1010"}],"wp:attachment":[{"href":"https:\/\/libreriabonilla.com.mx\/index.php\/wp-json\/wp\/v2\/media?parent=703"}],"wp:term":[{"taxonomy":"product_brand","embeddable":true,"href":"https:\/\/libreriabonilla.com.mx\/index.php\/wp-json\/wp\/v2\/product_brand?post=703"},{"taxonomy":"product_cat","embeddable":true,"href":"https:\/\/libreriabonilla.com.mx\/index.php\/wp-json\/wp\/v2\/product_cat?post=703"},{"taxonomy":"product_tag","embeddable":true,"href":"https:\/\/libreriabonilla.com.mx\/index.php\/wp-json\/wp\/v2\/product_tag?post=703"}],"curies":[{"name":"wp","href":"https:\/\/api.w.org\/{rel}","templated":true}]}}