{"id":702,"date":"2026-04-21T22:22:51","date_gmt":"2026-04-22T01:52:51","guid":{"rendered":"https:\/\/libreriabonilla.com.mx\/?post_type=product&#038;p=702"},"modified":"2026-05-12T23:52:01","modified_gmt":"2026-05-13T03:22:01","slug":"reorganizacion-del-territorio-y-transormacion-socioespacial-rural-urbana","status":"publish","type":"product","link":"https:\/\/libreriabonilla.com.mx\/index.php\/producto\/reorganizacion-del-territorio-y-transormacion-socioespacial-rural-urbana\/","title":{"rendered":"Reorganizaci\u00f3n del territorio y transormaci\u00f3n socioespacial rural-urbana"},"content":{"rendered":"<p>El estado de Morelos en general, y suregi\u00f3n de Los Altos no es la excepci\u00f3n, vive desde hacia varias d\u00e9cadas una serie de transformaciones aceleradas en cuanto a la configuraci\u00f3n de su territorio debido a diferentes factores. El presente libro aborda el estudio de los cambios en el sistema productivo y las consecuencias que la globalizaci\u00f3n del sistema agroalimentario ha tenido en el sector agr\u00edcola regional, sus repercusiones en los movimientos migratorios y las caracter\u00edsticas de los mismos. Asimismo, identifica las principales \u00abestrategias adaptativas\u00bb de los pobladores ante estos procesos: los cambios en el uso del suelo y en el mercado de tierras y las caracter\u00edsticas que adquieren las nuevas formas de apropiaci\u00f3n territorial y el proceso de urbanizaci\u00f3n, identificando a los actores que intrvienen y sus relaciones sociales. Finalmente, analiza las consecuencias, en t\u00e9rminos socioespaciales, de la nueva relaci\u00f3n entre lo p\u00fablico y lo privado en dicho proceso de urbanizaci\u00f3n y las caracter\u00edsticas del proceso de segregaci\u00f3n socioespacial tan acendrado que hoy viven la regi\u00f3n y sus pobladores.<\/p>\n","protected":false},"excerpt":{"rendered":"<p>Mart\u00ednez Borrego, Estela,2015<\/p>\n","protected":false},"featured_media":1039,"comment_status":"closed","ping_status":"closed","template":"","meta":[],"product_brand":[],"product_cat":[163,186],"product_tag":[682,746],"class_list":{"0":"post-702","1":"product","2":"type-product","3":"status-publish","4":"has-post-thumbnail","6":"product_cat-economia","7":"product_cat-politica","8":"product_tag-economia","9":"product_tag-politica","11":"first","12":"instock","13":"shipping-taxable","14":"purchasable","15":"product-type-simple"},"jetpack_sharing_enabled":true,"_links":{"self":[{"href":"https:\/\/libreriabonilla.com.mx\/index.php\/wp-json\/wp\/v2\/product\/702","targetHints":{"allow":["GET"]}}],"collection":[{"href":"https:\/\/libreriabonilla.com.mx\/index.php\/wp-json\/wp\/v2\/product"}],"about":[{"href":"https:\/\/libreriabonilla.com.mx\/index.php\/wp-json\/wp\/v2\/types\/product"}],"replies":[{"embeddable":true,"href":"https:\/\/libreriabonilla.com.mx\/index.php\/wp-json\/wp\/v2\/comments?post=702"}],"wp:featuredmedia":[{"embeddable":true,"href":"https:\/\/libreriabonilla.com.mx\/index.php\/wp-json\/wp\/v2\/media\/1039"}],"wp:attachment":[{"href":"https:\/\/libreriabonilla.com.mx\/index.php\/wp-json\/wp\/v2\/media?parent=702"}],"wp:term":[{"taxonomy":"product_brand","embeddable":true,"href":"https:\/\/libreriabonilla.com.mx\/index.php\/wp-json\/wp\/v2\/product_brand?post=702"},{"taxonomy":"product_cat","embeddable":true,"href":"https:\/\/libreriabonilla.com.mx\/index.php\/wp-json\/wp\/v2\/product_cat?post=702"},{"taxonomy":"product_tag","embeddable":true,"href":"https:\/\/libreriabonilla.com.mx\/index.php\/wp-json\/wp\/v2\/product_tag?post=702"}],"curies":[{"name":"wp","href":"https:\/\/api.w.org\/{rel}","templated":true}]}}