{"id":701,"date":"2026-04-21T22:22:42","date_gmt":"2026-04-22T01:52:42","guid":{"rendered":"https:\/\/libreriabonilla.com.mx\/?post_type=product&#038;p=701"},"modified":"2026-05-12T23:53:09","modified_gmt":"2026-05-13T03:23:09","slug":"voz-popular-sabes-no-oficiales-humor-protesta-disidencia-y-organizacion","status":"publish","type":"product","link":"https:\/\/libreriabonilla.com.mx\/index.php\/producto\/voz-popular-sabes-no-oficiales-humor-protesta-disidencia-y-organizacion\/","title":{"rendered":"Voz popular, sabes no oficiales: humor, protesta, disidencia y organizaci\u00f3n"},"content":{"rendered":"<p>La cultura iletrada, la voz popular y marginal, se abre paso en esta obra para hacernos comprender su papel en la historia de M\u00e9xico, incluso en la forja de un discurso letrado que se alimenta de ella, bien sea porque la comprende, la utiliza o es solidario con sus puntos de vista. A lo largo de estas p\u00e1ginas suenan reivindicaciones, demandas, r\u00e9plicas, consignas, bromas, refranes y ocurrencias; y se perfilan accione, estrategias, habilidades y h\u00e1bitos de los grupos que, en las fronteras de la sociedad y sus instituciones, o en un lugar precario dentro de ellas (escuela, prensa), han creado un mundo propio para vivir y han hecho saber sus necesidades y proyectos (aun cuando, con frecuencia, s\u00f3lo sea para ser reprimidos o mediatizados). Voz popular, saberes oficiales_ constituye, as\u00ed, un parteaguas en la historiograf\u00eda social, cultural y educativa de M\u00e9xico, y permite comprenderlo -con rigor y vast\u00edsima documentaci\u00f3n &#8211; desde \u00e1ngulos absolutamente inusuales<\/p>\n","protected":false},"excerpt":{"rendered":"<p>R\u00edos Zu\u00f1iga, Rosalina; Leyva, Juan,2015<\/p>\n","protected":false},"featured_media":1106,"comment_status":"closed","ping_status":"closed","template":"","meta":[],"product_brand":[],"product_cat":[27,70],"product_tag":[684,446],"class_list":{"0":"post-701","1":"product","2":"type-product","3":"status-publish","4":"has-post-thumbnail","6":"product_cat-educacion","7":"product_cat-historia","8":"product_tag-educacion","9":"product_tag-historia","11":"first","12":"instock","13":"shipping-taxable","14":"purchasable","15":"product-type-simple"},"jetpack_sharing_enabled":true,"_links":{"self":[{"href":"https:\/\/libreriabonilla.com.mx\/index.php\/wp-json\/wp\/v2\/product\/701","targetHints":{"allow":["GET"]}}],"collection":[{"href":"https:\/\/libreriabonilla.com.mx\/index.php\/wp-json\/wp\/v2\/product"}],"about":[{"href":"https:\/\/libreriabonilla.com.mx\/index.php\/wp-json\/wp\/v2\/types\/product"}],"replies":[{"embeddable":true,"href":"https:\/\/libreriabonilla.com.mx\/index.php\/wp-json\/wp\/v2\/comments?post=701"}],"wp:featuredmedia":[{"embeddable":true,"href":"https:\/\/libreriabonilla.com.mx\/index.php\/wp-json\/wp\/v2\/media\/1106"}],"wp:attachment":[{"href":"https:\/\/libreriabonilla.com.mx\/index.php\/wp-json\/wp\/v2\/media?parent=701"}],"wp:term":[{"taxonomy":"product_brand","embeddable":true,"href":"https:\/\/libreriabonilla.com.mx\/index.php\/wp-json\/wp\/v2\/product_brand?post=701"},{"taxonomy":"product_cat","embeddable":true,"href":"https:\/\/libreriabonilla.com.mx\/index.php\/wp-json\/wp\/v2\/product_cat?post=701"},{"taxonomy":"product_tag","embeddable":true,"href":"https:\/\/libreriabonilla.com.mx\/index.php\/wp-json\/wp\/v2\/product_tag?post=701"}],"curies":[{"name":"wp","href":"https:\/\/api.w.org\/{rel}","templated":true}]}}