{"id":699,"date":"2026-04-21T22:22:41","date_gmt":"2026-04-22T01:52:41","guid":{"rendered":"https:\/\/libreriabonilla.com.mx\/?post_type=product&#038;p=699"},"modified":"2026-05-12T23:55:31","modified_gmt":"2026-05-13T03:25:31","slug":"el-umbral-de-la-memoria-perdida","status":"publish","type":"product","link":"https:\/\/libreriabonilla.com.mx\/index.php\/producto\/el-umbral-de-la-memoria-perdida\/","title":{"rendered":"El umbral de la memoria perdida"},"content":{"rendered":"<p>\u00bfQu\u00e9 fuera del esplendor de la gran Tenochtitlan, la ciudad donde los mexicas construyeron el centro del universo y fuera asombro de los conquistadores espa\u00f1oles, quienes entonces dominaban la esfera del poder y las ideas? \u00bfQu\u00e9 pas\u00f3 en la Gran Plaza Mexica despu\u00e9s de su ca\u00edda? \u00bfC\u00f3mo fue que la f\u00e9rrea voluntad de sus sobrevivientes, a pesar del exterminio y la destrucci\u00f3n, logr\u00f3 rescatar los m\u00e1s preciados s\u00edmbolos de su cultura para que permanecieran intactos durante siglos?<br \/>\nJohn Talbot, un arque\u00f3logo ingl\u00e9s, y Juan Felipe, su amigo yucateco, evocan ya en la madurez de sus vidas un viejo pacto de juventud. A partir de ese momento se desencadena una aventura inspirada por un arquitecto mexicano cuyo idealismo lo lleva a codificar gr\u00e1ficamente los conocimientos y controvertidas creencias de un sacerdote cat\u00f3lico, desatando la m\u00e1s electrizante b\u00fasqueda de la memoria de los aztecas en las profundidades de las catacumbas de la Catedral Metropolitana de la Ciudad de M\u00e9xico.<br \/>\nSe trata de un texto inusual en el panorama de la literatura mexicana actual, h\u00e1bilmente narrado por su autor, en el que el amor se pone a prueba ante la intriga y se entreteje a la muerte, la ambici\u00f3n, la traici\u00f3n y el deseo de sobrevivir a un acontecimiento donde la Ciudad de M\u00e9xico se muestra como una ciudad vibrante que hace frente a una de las etapas m\u00e1s adversas de su historia.<br \/>\nLa novela recorre lugares y rincones de la ciudad en los que hace cinco siglos los creadores de una civilizaci\u00f3n singular debieron enfrentar la destrucci\u00f3n de los valores y s\u00edmbolos de su cultura que, sin embargo, se resiste a ser una memoria olvidada. Los protagonistas trasponen el umbral entre dos \u00e9pocas y dos concepciones cosmog\u00f3nicas que nos plantean la eterna pregunta: \u00bfqui\u00e9nes somos?<\/p>\n","protected":false},"excerpt":{"rendered":"<p>Muro M, Fernando,2015<\/p>\n","protected":false},"featured_media":1099,"comment_status":"closed","ping_status":"closed","template":"","meta":[],"product_brand":[],"product_cat":[439,398],"product_tag":[128,761,588],"class_list":{"0":"post-699","1":"product","2":"type-product","3":"status-publish","4":"has-post-thumbnail","6":"product_cat-critica-iteraria","7":"product_cat-ensayo-literario","8":"product_tag-ensayo","9":"product_tag-ensayo-literario","10":"product_tag-narrativa","12":"first","13":"instock","14":"shipping-taxable","15":"purchasable","16":"product-type-simple"},"jetpack_sharing_enabled":true,"_links":{"self":[{"href":"https:\/\/libreriabonilla.com.mx\/index.php\/wp-json\/wp\/v2\/product\/699","targetHints":{"allow":["GET"]}}],"collection":[{"href":"https:\/\/libreriabonilla.com.mx\/index.php\/wp-json\/wp\/v2\/product"}],"about":[{"href":"https:\/\/libreriabonilla.com.mx\/index.php\/wp-json\/wp\/v2\/types\/product"}],"replies":[{"embeddable":true,"href":"https:\/\/libreriabonilla.com.mx\/index.php\/wp-json\/wp\/v2\/comments?post=699"}],"wp:featuredmedia":[{"embeddable":true,"href":"https:\/\/libreriabonilla.com.mx\/index.php\/wp-json\/wp\/v2\/media\/1099"}],"wp:attachment":[{"href":"https:\/\/libreriabonilla.com.mx\/index.php\/wp-json\/wp\/v2\/media?parent=699"}],"wp:term":[{"taxonomy":"product_brand","embeddable":true,"href":"https:\/\/libreriabonilla.com.mx\/index.php\/wp-json\/wp\/v2\/product_brand?post=699"},{"taxonomy":"product_cat","embeddable":true,"href":"https:\/\/libreriabonilla.com.mx\/index.php\/wp-json\/wp\/v2\/product_cat?post=699"},{"taxonomy":"product_tag","embeddable":true,"href":"https:\/\/libreriabonilla.com.mx\/index.php\/wp-json\/wp\/v2\/product_tag?post=699"}],"curies":[{"name":"wp","href":"https:\/\/api.w.org\/{rel}","templated":true}]}}