{"id":354,"date":"2026-04-21T22:20:30","date_gmt":"2026-04-22T01:50:30","guid":{"rendered":"https:\/\/libreriabonilla.com.mx\/?post_type=product&#038;p=354"},"modified":"2026-04-21T22:20:35","modified_gmt":"2026-04-22T01:50:35","slug":"la-serpiente-esta-vacia-la-ciencia-de-la-conciencia","status":"publish","type":"product","link":"https:\/\/libreriabonilla.com.mx\/index.php\/producto\/la-serpiente-esta-vacia-la-ciencia-de-la-conciencia\/","title":{"rendered":"La serpiente est\u00e1 vac\u00eda. La ciencia de la conciencia"},"content":{"rendered":"<p>Treinta a\u00f1os han pasado del levantamiento armado zapatista y, desde entonces, su resistencia ha adquirido un devenir propio, con expresiones en tonos y matices dif\u00edciles de resumir. Desde las primeras negociaciones entabladas con el gobierno en 1994 que llevaron a la firma de los Acuerdos de San Andr\u00e9s, hasta la Traves\u00eda por la Vida en la que, en 2021, se embarcaron rumbo a Europa con la esperanza de \u201chermanarse y compartir el esp\u00edritu de lucha para combatir los males que asechan al planeta hoy d\u00eda\u201d (pasando, por la fundaci\u00f3n de los Municipios Aut\u00f3nomos Rebeldes Zapatistas, el establecimiento de las Juntas de Buen Gobierno y la delimitaci\u00f3n de los Caracoles Zapatistas, el impulso de la Otra Campa\u00f1a en el marco de la Sexta Declaraci\u00f3n de la Selva Lacandona, junto con la realizaci\u00f3n de los encuentros internacionales de mujeres que luchan y de los festivales de m\u00fasica y arte para estrechar lazos de solidaridad con simpatizantes alrededor de todas las geograf\u00edas), la \u2018lucha por un mundo nuevo\u2019 acontecida desde las monta\u00f1as del sureste mexicano se ha mantenido firme, incansable y vigente.<br \/>\nEn el libro, el lector encontrar\u00e1 interpretaciones sobre los procesos sociales que se han suscitado en los \u00faltimos treinta a\u00f1os en el estado de Chiapas, despu\u00e9s del levantamiento armado zapatista. Es decir, el lector encontrar\u00e1 reflexiones sobre las causas que generaron la crisis pol\u00edtica, sobre los procesos de autonom\u00eda, sobre la incidencia del movimiento en la juventud, en los redise\u00f1os de la pol\u00edtica y sobre las pr\u00e1cticas migratorias, as\u00ed como en los nuevos arreglos impulsados por las mujeres. Estamos seguros de que los lectores se van a llevar una grata sorpresa con el contenido de los cap\u00edtulos de este libro.<\/p>\n","protected":false},"excerpt":{"rendered":"<p>Pablo Castro Domingo; Ambar Varela Mattute; Luis Rodr\u00edguez Castillo<\/p>\n","protected":false},"featured_media":0,"comment_status":"closed","ping_status":"closed","template":"","meta":[],"product_brand":[],"product_cat":[137],"product_tag":[],"class_list":{"0":"post-354","1":"product","2":"type-product","3":"status-publish","5":"product_cat-psicologia","7":"first","8":"instock","9":"shipping-taxable","10":"purchasable","11":"product-type-simple"},"jetpack_sharing_enabled":true,"_links":{"self":[{"href":"https:\/\/libreriabonilla.com.mx\/index.php\/wp-json\/wp\/v2\/product\/354","targetHints":{"allow":["GET"]}}],"collection":[{"href":"https:\/\/libreriabonilla.com.mx\/index.php\/wp-json\/wp\/v2\/product"}],"about":[{"href":"https:\/\/libreriabonilla.com.mx\/index.php\/wp-json\/wp\/v2\/types\/product"}],"replies":[{"embeddable":true,"href":"https:\/\/libreriabonilla.com.mx\/index.php\/wp-json\/wp\/v2\/comments?post=354"}],"wp:attachment":[{"href":"https:\/\/libreriabonilla.com.mx\/index.php\/wp-json\/wp\/v2\/media?parent=354"}],"wp:term":[{"taxonomy":"product_brand","embeddable":true,"href":"https:\/\/libreriabonilla.com.mx\/index.php\/wp-json\/wp\/v2\/product_brand?post=354"},{"taxonomy":"product_cat","embeddable":true,"href":"https:\/\/libreriabonilla.com.mx\/index.php\/wp-json\/wp\/v2\/product_cat?post=354"},{"taxonomy":"product_tag","embeddable":true,"href":"https:\/\/libreriabonilla.com.mx\/index.php\/wp-json\/wp\/v2\/product_tag?post=354"}],"curies":[{"name":"wp","href":"https:\/\/api.w.org\/{rel}","templated":true}]}}