{"id":15,"date":"2026-03-02T20:13:49","date_gmt":"2026-03-02T20:13:49","guid":{"rendered":"https:\/\/libreriabonilla.com.mx\/?page_id=15"},"modified":"2026-03-03T20:39:33","modified_gmt":"2026-03-04T00:09:33","slug":"historia","status":"publish","type":"page","link":"https:\/\/libreriabonilla.com.mx\/index.php\/bonilla-artigas-editores\/historia\/","title":{"rendered":"Historia"},"content":{"rendered":"\n<div class=\"wp-block-stackable-columns stk-block-columns stk-block stk-94beac1\" data-block-id=\"94beac1\"><div class=\"stk-row stk-inner-blocks stk-block-content stk-content-align stk-94beac1-column\">\n<div class=\"wp-block-stackable-column stk-block-column stk-column stk-block stk-39af4f6\" data-v=\"4\" data-block-id=\"39af4f6\"><div class=\"stk-column-wrapper stk-block-column__content stk-container stk-39af4f6-container stk--no-background stk--no-padding\"><div class=\"stk-block-content stk-inner-blocks stk-39af4f6-inner-blocks\">\n<div class=\"wp-block-stackable-heading stk-block-heading stk-block-heading--v2 stk-block stk-73327c6\" id=\"nuestra-historia\" data-block-id=\"73327c6\"><h2 class=\"stk-block-heading__text\">Nuestra Historia<\/h2><\/div>\n<\/div><\/div><\/div>\n<\/div><\/div>\n\n\n\n<div class=\"wp-block-stackable-columns stk-block-columns stk-block stk-df37168\" data-block-id=\"df37168\"><style>.stk-df37168 {margin-bottom:0px !important;}<\/style><div class=\"stk-row stk-inner-blocks stk-block-content stk-content-align stk-df37168-column\">\n<div class=\"wp-block-stackable-column stk-block-column stk-column stk-block stk-6e47905\" data-v=\"4\" data-block-id=\"6e47905\"><style>@media screen and (min-width:690px){.stk-6e47905 {flex:var(--stk-flex-grow, 1) 1 calc(69.99999999999999% - var(--stk-column-gap, 0px) * 1 \/ 2 ) !important;}}<\/style><div class=\"stk-column-wrapper stk-block-column__content stk-container stk-6e47905-container stk--no-background stk--no-padding\"><div class=\"stk-block-content stk-inner-blocks stk-6e47905-inner-blocks\">\n<div class=\"wp-block-stackable-text stk-block-text stk-block stk-c2aa240\" data-block-id=\"c2aa240\"><style>.stk-c2aa240 .stk-block-text__text{color:#0f0e17 !important;}<\/style><p class=\"stk-block-text__text has-text-color has-text-align-justify\">En 1950 Manuel Bonilla Baggetto, instala un peque\u00f1o despacho en el n\u00famero 34 de la calle Bol\u00edvar, esquina con 16 de Septiembre; en un primer piso, d\u00f3nde inicia la venta de libros t\u00e9cnicos y cient\u00edficos. En esa \u00e9poca se encontr\u00f3 con un mercado desatendido que le ofrec\u00eda la posibilidad de desarrollarse.<\/p><\/div>\n\n\n\n<div class=\"wp-block-stackable-text stk-block-text stk-block stk-288131d\" data-block-id=\"288131d\"><style>.stk-288131d .stk-block-text__text{color:#0f0e17 !important;}<\/style><p class=\"stk-block-text__text has-text-color has-text-align-justify\">Durante sesenta y dos a\u00f1os la Librer\u00eda Bonilla se ha dedicado a atender a la poblaci\u00f3n universitaria, en las \u00e1reas de educaci\u00f3n y de investigaci\u00f3n y esperamos seguir haci\u00e9ndolo por muchos a\u00f1os m\u00e1s, con publicaciones nacionales y extranjeras. Seguimos importando libros de diversas partes de mundo que creemos que pueden ser interesantes para los universitarios de M\u00e9xico.<\/p><\/div>\n\n\n\n<div class=\"wp-block-stackable-text stk-block-text stk-block stk-0394b1f\" data-block-id=\"0394b1f\"><style>.stk-0394b1f .stk-block-text__text{color:#000000 !important;}<\/style><p class=\"stk-block-text__text has-text-color has-text-align-justify\">Desde el a\u00f1o 2005 hemos incluido a nuestras actividades la de la distribuci\u00f3n de editoriales acad\u00e9micas espa\u00f1olas, argentinas, colombianas y mexicanas, sin dejar de lado la venta de libros universitarios en general.<\/p><\/div>\n\n\n\n<div class=\"wp-block-stackable-text stk-block-text stk-block stk-5a85806\" data-block-id=\"5a85806\"><style>.stk-5a85806 .stk-block-text__text{color:#000000 !important;}<\/style><p class=\"stk-block-text__text has-text-color has-text-align-justify\">Actualmente contamos con dos sucursales, una en la ciudad de M\u00e9xico en Miguel \u00c1ngel de Quevedo 477 en Coyoac\u00e1n, y otra en la ciudad de Cuernavaca en Av. Universidad 1307.<\/p><\/div>\n\n\n\n<div class=\"wp-block-stackable-text stk-block-text stk-block stk-203ef9d\" data-block-id=\"203ef9d\"><style>.stk-203ef9d .stk-block-text__text{color:#000000 !important;}<\/style><p class=\"stk-block-text__text has-text-color has-text-align-justify\">En 2008 iniciamos nuestro proyecto editorial de publicaciones acad\u00e9micas, Bonilla Artigas Editores.<\/p><\/div>\n<\/div><\/div><\/div>\n\n\n\n<div class=\"wp-block-stackable-column stk-block-column stk-column stk-block stk-444e4bf\" data-v=\"4\" data-block-id=\"444e4bf\"><style>@media screen and (min-width:690px){.stk-444e4bf {flex:var(--stk-flex-grow, 1) 1 calc(30% - var(--stk-column-gap, 0px) * 1 \/ 2 ) !important;}}<\/style><div class=\"stk-column-wrapper stk-block-column__content stk-container stk-444e4bf-container stk--no-background stk--no-padding\"><div class=\"stk-block-content stk-inner-blocks stk-444e4bf-inner-blocks\">\n<div class=\"wp-block-stackable-image stk-block-image stk-block stk-a49842b\" data-block-id=\"a49842b\"><figure><span class=\"stk-img-wrapper stk-image--shape-stretch\"><img loading=\"lazy\" decoding=\"async\" class=\"stk-img wp-image-89\" src=\"https:\/\/libreriabonilla.com.mx\/wp-content\/uploads\/2026\/03\/Bonilla01.jpg\" width=\"400\" height=\"461\" srcset=\"https:\/\/libreriabonilla.com.mx\/wp-content\/uploads\/2026\/03\/Bonilla01.jpg 400w, https:\/\/libreriabonilla.com.mx\/wp-content\/uploads\/2026\/03\/Bonilla01-260x300.jpg 260w\" sizes=\"auto, (max-width: 400px) 100vw, 400px\" \/><\/span><\/figure><\/div>\n<\/div><\/div><\/div>\n<\/div><\/div>\n\n\n\n<div class=\"wp-block-stackable-columns stk-block-columns stk-block stk-3b30d7b\" data-block-id=\"3b30d7b\"><div class=\"stk-row stk-inner-blocks stk-block-content stk-content-align stk-3b30d7b-column\">\n<div class=\"wp-block-stackable-column stk-block-column stk-column stk-block stk-b2fa31d\" data-v=\"4\" data-block-id=\"b2fa31d\"><div class=\"stk-column-wrapper stk-block-column__content stk-container stk-b2fa31d-container stk--no-background stk--no-padding\"><div class=\"stk-block-content stk-inner-blocks stk-b2fa31d-inner-blocks\">\n<div class=\"wp-block-stackable-text stk-block-text stk-block stk-eb3719b\" data-block-id=\"eb3719b\"><style>.stk-eb3719b {margin-bottom:0px !important;}.stk-eb3719b .stk-block-text__text{color:#000000 !important;}<\/style><p class=\"stk-block-text__text has-text-color has-text-align-justify\"><\/p><\/div>\n<\/div><\/div><\/div>\n<\/div><\/div>\n\n\n\n<div class=\"wp-block-stackable-timeline stk-block-timeline stk-block-timeline--right stk-is-last stk-block stk-6d204ff\" data-block-id=\"6d204ff\"><style>.stk-6d204ff {--line-accent-bg-color:#000000 !important;--line-bg-color:#000000 !important;}@media screen and (max-width:689px){.stk-6d204ff .stk-inner-blocks:after{top:16px !important;bottom:calc(0px + (100% - 0px) - 16px) !important;}.stk-6d204ff .stk-block-timeline__middle{margin-top:px !important;}}<\/style><div class=\"stk-row stk-inner-blocks stk-block-content stk-content-align stk-6d204ff-column\"><div class=\"stk-block-timeline__date\"><strong>Cronolog\u00eda<\/strong><\/div><div class=\"stk-block-timeline__middle\"><\/div><div class=\"stk-block-timeline__content\">\n<div class=\"wp-block-stackable-column stk-block-column stk-column stk-block stk-bb6fbc9\" data-v=\"4\" data-block-id=\"bb6fbc9\"><style>.stk-bb6fbc9-container{margin-top:0px !important;margin-right:0px !important;margin-bottom:0px !important;margin-left:0px !important;}<\/style><div class=\"stk-column-wrapper stk-block-column__content stk-container stk-bb6fbc9-container stk--no-background stk--no-padding\"><div class=\"stk-block-content stk-inner-blocks stk-bb6fbc9-inner-blocks\">\n<div class=\"wp-block-stackable-text stk-block-text stk-block stk-cfc33ae\" data-block-id=\"cfc33ae\"><p class=\"stk-block-text__text\"><\/p><\/div>\n<\/div><\/div><\/div>\n<\/div><\/div><\/div>\n\n\n\n<div class=\"wp-block-stackable-text stk-block-text stk-block stk-e54a397\" data-block-id=\"e54a397\"><style>.stk-e54a397 {margin-bottom:10px !important;}.stk-e54a397 .stk-block-text__text{color:#000000 !important;}<\/style><p class=\"stk-block-text__text has-text-color\"><strong>1950.-<\/strong> Apertura de la primera librer\u00eda en la calle de Bol\u00edvar n\u00famero 34, esquina con la calle de 16 de septiembre.<\/p><\/div>\n\n\n\n<div class=\"wp-block-stackable-text stk-block-text stk-block stk-413aeb9\" data-block-id=\"413aeb9\"><style>.stk-413aeb9 {margin-bottom:10px !important;}.stk-413aeb9 .stk-block-text__text{color:#000000 !important;}<\/style><p class=\"stk-block-text__text has-text-color has-text-align-justify\"><strong>1951.-<\/strong> Cambio de la librer\u00eda al n\u00famero 24 de la calle Donceles, entre Allende y Rep\u00fablica de Chile en los altos del Teatro F\u00e1bregas. Este fue para Manuel Bonilla un sitio estrat\u00e9gico, pues quedaba cerca a la Secretar\u00eda de Obras P\u00fablicas, a la Escuela de Ingenier\u00eda, y a la Escuela Superior de Ingenier\u00eda Mec\u00e1nica y El\u00e9ctrica, que se encontraba en Allende, y que lo ponen en contacto estas \u00faltimas, con maestros, investigadores y alumnos de la UNAM y del Polit\u00e9cnico.<\/p><\/div>\n\n\n\n<div class=\"wp-block-stackable-text stk-block-text stk-block stk-17ae463\" data-block-id=\"17ae463\"><style>.stk-17ae463 {margin-bottom:0px !important;}.stk-17ae463 .stk-block-text__text{color:#000000 !important;}<\/style><p class=\"stk-block-text__text has-text-color has-text-align-justify\"><strong>1959.-<\/strong> A\u00f1o en el que se traslada a la Colonia Cuauht\u00e9moc, a la calle de R\u00edo Tiber n\u00famero 38, en un segundo piso. A fines de ese a\u00f1o abre la Sucursal de Ciudad Universitaria en Avenida Universidad 2079 esquina con Copilco, frente a la entrada principal de la UNAM, que ser\u00e1 atendida por la se\u00f1ora Elisa Rius de Bonilla.<\/p><\/div>\n\n\n\n<div class=\"wp-block-stackable-columns stk-block-columns stk-block stk-f2ed85d\" data-block-id=\"f2ed85d\"><style>.stk-f2ed85d {margin-bottom:10px !important;}<\/style><div class=\"stk-row stk-inner-blocks stk-block-content stk-content-align stk-f2ed85d-column\">\n<div class=\"wp-block-stackable-column stk-block-column stk-column stk-block stk-292a1a1\" data-v=\"4\" data-block-id=\"292a1a1\"><div class=\"stk-column-wrapper stk-block-column__content stk-container stk-292a1a1-container stk--no-background stk--no-padding\"><div class=\"stk-block-content stk-inner-blocks stk-292a1a1-inner-blocks\">\n<div class=\"wp-block-stackable-image stk-block-image stk-block stk-2175ed3\" data-block-id=\"2175ed3\"><style>.stk-2175ed3 .stk-img-wrapper{width:100% !important;height:270px !important;}<\/style><figure><span class=\"stk-img-wrapper stk-image--shape-stretch\"><img loading=\"lazy\" decoding=\"async\" class=\"stk-img wp-image-91\" src=\"https:\/\/libreriabonilla.com.mx\/wp-content\/uploads\/2026\/03\/Bobilla02.png\" width=\"400\" height=\"461\" srcset=\"https:\/\/libreriabonilla.com.mx\/wp-content\/uploads\/2026\/03\/Bobilla02.png 400w, https:\/\/libreriabonilla.com.mx\/wp-content\/uploads\/2026\/03\/Bobilla02-260x300.png 260w\" sizes=\"auto, (max-width: 400px) 100vw, 400px\" \/><\/span><\/figure><\/div>\n<\/div><\/div><\/div>\n\n\n\n<div class=\"wp-block-stackable-column stk-block-column stk-column stk-block stk-b59eb70\" data-v=\"4\" data-block-id=\"b59eb70\"><div class=\"stk-column-wrapper stk-block-column__content stk-container stk-b59eb70-container stk--no-background stk--no-padding\"><div class=\"stk-block-content stk-inner-blocks stk-b59eb70-inner-blocks\">\n<div class=\"wp-block-stackable-text stk-block-text stk-block stk-eefdf87\" data-block-id=\"eefdf87\"><style>.stk-eefdf87 {margin-bottom:10px !important;}.stk-eefdf87 .stk-block-text__text{color:#000000 !important;}<\/style><p class=\"stk-block-text__text has-text-color\"><strong>1969.-<\/strong> Se muda la librer\u00eda matriz a la Colonia Roma, a la calle Sinaloa No. 10.<\/p><\/div>\n\n\n\n<div class=\"wp-block-stackable-text stk-block-text stk-block stk-66cf6b5\" data-block-id=\"66cf6b5\"><style>.stk-66cf6b5 .stk-block-text__text{color:#000000 !important;}<\/style><p class=\"stk-block-text__text has-text-color has-text-align-justify\"><strong>1988.-<\/strong>\u00a0Se cierra la librer\u00eda de la calle de Sinaloa y s\u00f3lo opera la de la Ciudad Universitaria.<\/p><\/div>\n\n\n\n<div class=\"wp-block-stackable-text stk-block-text stk-block stk-9fae087\" data-block-id=\"9fae087\"><style>.stk-9fae087 {margin-bottom:10px !important;}.stk-9fae087 .stk-block-text__text{color:#000000 !important;}<\/style><p class=\"stk-block-text__text has-text-color has-text-align-justify\"><strong>1985.-<\/strong> Con el temblor de ese a\u00f1o se cae el edificio en donde estaba la librer\u00eda en la calle de Sinaloa, la cual se ubica temporalmente en un edificio en el n\u00famero 19 de la misma calle.<\/p><\/div>\n<\/div><\/div><\/div>\n<\/div><\/div>\n\n\n\n<div class=\"wp-block-stackable-columns stk-block-columns stk-block stk-3b5cded\" data-block-id=\"3b5cded\"><style>.stk-3b5cded {margin-bottom:10px !important;}<\/style><div class=\"stk-row stk-inner-blocks stk-block-content stk-content-align stk-3b5cded-column\">\n<div class=\"wp-block-stackable-column stk-block-column stk-column stk-block stk-3a93912\" data-v=\"4\" data-block-id=\"3a93912\"><div class=\"stk-column-wrapper stk-block-column__content stk-container stk-3a93912-container stk--no-background stk--no-padding\"><div class=\"stk-block-content stk-inner-blocks stk-3a93912-inner-blocks\">\n<div class=\"wp-block-stackable-text stk-block-text stk-block stk-ac03386\" data-block-id=\"ac03386\"><style>.stk-ac03386 {margin-bottom:10px !important;}.stk-ac03386 .stk-block-text__text{color:#0f0e17 !important;}<\/style><p class=\"stk-block-text__text has-text-color has-text-align-justify\"><strong>1989.-<\/strong>\u00a0Cierre de la librer\u00eda de la Ciudad Universitaria.<\/p><\/div>\n\n\n\n<div class=\"wp-block-stackable-text stk-block-text stk-block stk-2ee5071\" data-block-id=\"2ee5071\"><style>.stk-2ee5071 .stk-block-text__text{color:#000000 !important;}<\/style><p class=\"stk-block-text__text has-text-color has-text-align-justify\"><strong>1990.-<\/strong>\u00a0Se abre la tienda en la calle de Francia n\u00famero 17, en la colonia Florida al sur de la ciudad. Esta tienda funcionaba como un centro cultural y contaba, adem\u00e1s de la librer\u00eda, con un foro que se llam\u00f3 \u201cLuis Rius\u201d, una galer\u00eda, una papeler\u00eda y un taller de grabado.<\/p><\/div>\n<\/div><\/div><\/div>\n<\/div><\/div>\n\n\n\n<div class=\"wp-block-stackable-text stk-block-text stk-block stk-a75bd8b\" data-block-id=\"a75bd8b\"><style>.stk-a75bd8b {margin-bottom:10px !important;}.stk-a75bd8b .stk-block-text__text{color:#000000 !important;}<\/style><p class=\"stk-block-text__text has-text-color has-text-align-justify\"><strong>1992.-<\/strong>&nbsp;Apertura de la librer\u00eda del Museo de las Ciencias de la UNAM, Universum, se nos invito a operar la librer\u00eda. La cual funcion\u00f3 por tres a\u00f1os, apoyando la labor de difusi\u00f3n de la ciencia entre los ni\u00f1os y j\u00f3venes asistentes al museo.<\/p><\/div>\n\n\n\n<div class=\"wp-block-stackable-text stk-block-text stk-block stk-be1653d\" data-block-id=\"be1653d\"><style>.stk-be1653d {margin-bottom:10px !important;}.stk-be1653d .stk-block-text__text{color:#000000 !important;}<\/style><p class=\"stk-block-text__text has-text-color has-text-align-justify\"><strong>1999.-<\/strong>&nbsp;Abrimos una peque\u00f1a librer\u00eda dentro de la Universidad de las Am\u00e9ricas del campus de Ciudad de M\u00e9xico, que apoyaba a esa comunidad con los materiales bibliogr\u00e1ficos.<\/p><\/div>\n\n\n\n<div class=\"wp-block-stackable-columns stk-block-columns stk-block stk-c3f3b53\" data-block-id=\"c3f3b53\"><style>.stk-c3f3b53 {margin-bottom:5px !important;}<\/style><div class=\"stk-row stk-inner-blocks stk-block-content stk-content-align stk-c3f3b53-column\">\n<div class=\"wp-block-stackable-column stk-block-column stk-column stk-block stk-a8e41be\" data-v=\"4\" data-block-id=\"a8e41be\"><style>@media screen and (min-width:690px){.stk-a8e41be {flex:var(--stk-flex-grow, 1) 1 calc(35% - var(--stk-column-gap, 0px) * 1 \/ 2 ) !important;}}<\/style><div class=\"stk-column-wrapper stk-block-column__content stk-container stk-a8e41be-container stk--no-background stk--no-padding\"><div class=\"stk-block-content stk-inner-blocks stk-a8e41be-inner-blocks\">\n<div class=\"wp-block-stackable-image stk-block-image stk-block stk-4260e29\" data-block-id=\"4260e29\"><style>.stk-4260e29 .stk-img-wrapper{width:90% !important;}<\/style><figure><span class=\"stk-img-wrapper stk-image--shape-stretch\"><img loading=\"lazy\" decoding=\"async\" class=\"stk-img wp-image-92\" src=\"https:\/\/libreriabonilla.com.mx\/wp-content\/uploads\/2026\/03\/Bonilla03.png\" width=\"600\" height=\"928\" srcset=\"https:\/\/libreriabonilla.com.mx\/wp-content\/uploads\/2026\/03\/Bonilla03.png 600w, https:\/\/libreriabonilla.com.mx\/wp-content\/uploads\/2026\/03\/Bonilla03-194x300.png 194w\" sizes=\"auto, (max-width: 600px) 100vw, 600px\" \/><\/span><\/figure><\/div>\n<\/div><\/div><\/div>\n\n\n\n<div class=\"wp-block-stackable-column stk-block-column stk-column stk-block stk-9f8b048\" data-v=\"4\" data-block-id=\"9f8b048\"><style>@media screen and (min-width:690px){.stk-9f8b048 {flex:var(--stk-flex-grow, 1) 1 calc(65% - var(--stk-column-gap, 0px) * 1 \/ 2 ) !important;}}<\/style><div class=\"stk-column-wrapper stk-block-column__content stk-container stk-9f8b048-container stk--no-background stk--no-padding\"><div class=\"stk-block-content stk-inner-blocks stk-9f8b048-inner-blocks\">\n<div class=\"wp-block-stackable-text stk-block-text stk-block stk-22d0b53\" data-block-id=\"22d0b53\"><p class=\"stk-block-text__text\"><strong>2001.-<\/strong>&nbsp;Cierre de la librer\u00eda de la calle de Francia. Se abri\u00f3 una oficina en la calle del Carmen n\u00famero 17, en el primer piso, la cual se dedic\u00f3 a consolidar la relaci\u00f3n con las bibliotecas universitarias.<\/p><\/div>\n\n\n\n<div class=\"wp-block-stackable-text stk-block-text stk-block stk-8e403fa\" data-block-id=\"8e403fa\"><style>.stk-8e403fa .stk-block-text__text{color:#000000 !important;}<\/style><p class=\"stk-block-text__text has-text-color has-text-align-justify\"><strong>2002.-<\/strong>&nbsp;Cambio a las oficinas de Cerro Tres Mar\u00edas, a la colonia Campestre Churubusco.<\/p><\/div>\n\n\n\n<div class=\"wp-block-stackable-text stk-block-text stk-block stk-68b134c\" data-block-id=\"68b134c\"><style>.stk-68b134c .stk-block-text__text{color:#000000 !important;}<\/style><p class=\"stk-block-text__text has-text-color has-text-align-justify\"><strong>2002.-<\/strong>&nbsp;Abrimos la tienda en la ciudad de Cuernavaca la cual atiende principalmente al p\u00fablico universitario. Ubicada a unos metros de la UAEM, esta librer\u00eda ha encontrado un r\u00e1pido acomodo entre los estudiantes de esa instituci\u00f3n, as\u00ed como con los del ITESM y de otras universidades importantes del estado de Morelos.<\/p><\/div>\n\n\n\n<div class=\"wp-block-stackable-text stk-block-text stk-block stk-851fe51\" data-block-id=\"851fe51\"><style>.stk-851fe51 .stk-block-text__text{color:#000000 !important;}<\/style><p class=\"stk-block-text__text has-text-color has-text-align-justify\"><strong>2003.-<\/strong>&nbsp;Inauguramos la librer\u00eda en el campus del Itesm Cuernavaca que permanecer\u00e1 en ese campus hasta el 2010.<\/p><\/div>\n\n\n\n<div class=\"wp-block-stackable-text stk-block-text stk-block stk-2a2fb92\" data-block-id=\"2a2fb92\"><style>.stk-2a2fb92 .stk-block-text__text{color:#000000 !important;}<\/style><p class=\"stk-block-text__text has-text-color has-text-align-justify\"><strong>2004.-<\/strong>&nbsp;Apertura de la librer\u00eda del campus Itesm en Santa Fe la cual cerr\u00f3 seis a\u00f1os despu\u00e9s.<\/p><\/div>\n\n\n\n<div class=\"wp-block-stackable-text stk-block-text stk-block stk-f90810c\" data-block-id=\"f90810c\"><style>.stk-f90810c .stk-block-text__text{color:#000000 !important;}<\/style><p class=\"stk-block-text__text has-text-color has-text-align-justify\"><strong>2005.-<\/strong>&nbsp;Inicio de nuestra actividad como distribuidores.<\/p><\/div>\n\n\n\n<div class=\"wp-block-stackable-text stk-block-text stk-block stk-6e1fd63\" data-block-id=\"6e1fd63\"><style>.stk-6e1fd63 .stk-block-text__text{color:#000000 !important;}<\/style><p class=\"stk-block-text__text has-text-color has-text-align-justify\"><strong>2008.-<\/strong>&nbsp;Empezamos a editar bajo el sello Bonilla Artigas Editores SA de CV<\/p><\/div>\n<\/div><\/div><\/div>\n<\/div><\/div>\n\n\n\n<div class=\"wp-block-stackable-columns stk-block-columns stk-block stk-cfcfb7c\" data-block-id=\"cfcfb7c\"><div class=\"stk-row stk-inner-blocks stk-block-content stk-content-align stk-cfcfb7c-column\">\n<div class=\"wp-block-stackable-column stk-block-column stk-column stk-block stk-f7b310d\" data-v=\"4\" data-block-id=\"f7b310d\"><div class=\"stk-column-wrapper stk-block-column__content stk-container stk-f7b310d-container stk--no-background stk--no-padding\"><div class=\"stk-block-content stk-inner-blocks stk-f7b310d-inner-blocks\">\n<div class=\"wp-block-stackable-text stk-block-text stk-block stk-c41d1f0\" data-block-id=\"c41d1f0\"><style>.stk-c41d1f0 .stk-block-text__text{color:#000000 !important;}<\/style><p class=\"stk-block-text__text has-text-color has-text-align-justify\"><strong>2009.-<\/strong>\u00a0Apertura de nuestra sucursal de Coyoac\u00e1n en Miguel \u00c1ngel de Quevedo 477.<\/p><\/div>\n\n\n\n<div class=\"wp-block-stackable-image stk-block-image stk-block stk-2bfce1d\" data-block-id=\"2bfce1d\"><style>.stk-2bfce1d .stk-img-wrapper{width:600px !important;}<\/style><figure><span class=\"stk-img-wrapper stk-image--shape-stretch\"><img loading=\"lazy\" decoding=\"async\" class=\"stk-img wp-image-93\" src=\"https:\/\/libreriabonilla.com.mx\/wp-content\/uploads\/2026\/03\/Bonilla04.jpeg\" width=\"908\" height=\"559\" srcset=\"https:\/\/libreriabonilla.com.mx\/wp-content\/uploads\/2026\/03\/Bonilla04.jpeg 908w, https:\/\/libreriabonilla.com.mx\/wp-content\/uploads\/2026\/03\/Bonilla04-600x369.jpeg 600w, https:\/\/libreriabonilla.com.mx\/wp-content\/uploads\/2026\/03\/Bonilla04-300x185.jpeg 300w, https:\/\/libreriabonilla.com.mx\/wp-content\/uploads\/2026\/03\/Bonilla04-768x473.jpeg 768w\" sizes=\"auto, (max-width: 908px) 100vw, 908px\" \/><\/span><\/figure><\/div>\n<\/div><\/div><\/div>\n<\/div><\/div>\n","protected":false},"excerpt":{"rendered":"<p>Nuestra Historia En 1950 Manuel Bonilla Baggetto, instala un peque\u00f1o despacho en el n\u00famero 34 de la calle Bol\u00edvar, esquina con 16 de Septiembre; en un primer piso, d\u00f3nde inicia la venta de libros t\u00e9cnicos y cient\u00edficos. En esa \u00e9poca se encontr\u00f3 con un mercado desatendido que le ofrec\u00eda la posibilidad de desarrollarse. Durante sesenta [&hellip;]<\/p>\n","protected":false},"author":1,"featured_media":0,"parent":8,"menu_order":0,"comment_status":"closed","ping_status":"closed","template":"","meta":{"footnotes":""},"class_list":["post-15","page","type-page","status-publish","hentry"],"blocksy_meta":{"has_hero_section":"disabled","styles_descriptor":{"styles":{"desktop":"","tablet":"","mobile":""},"google_fonts":[],"version":6}},"jetpack_sharing_enabled":true,"_links":{"self":[{"href":"https:\/\/libreriabonilla.com.mx\/index.php\/wp-json\/wp\/v2\/pages\/15","targetHints":{"allow":["GET"]}}],"collection":[{"href":"https:\/\/libreriabonilla.com.mx\/index.php\/wp-json\/wp\/v2\/pages"}],"about":[{"href":"https:\/\/libreriabonilla.com.mx\/index.php\/wp-json\/wp\/v2\/types\/page"}],"author":[{"embeddable":true,"href":"https:\/\/libreriabonilla.com.mx\/index.php\/wp-json\/wp\/v2\/users\/1"}],"replies":[{"embeddable":true,"href":"https:\/\/libreriabonilla.com.mx\/index.php\/wp-json\/wp\/v2\/comments?post=15"}],"version-history":[{"count":4,"href":"https:\/\/libreriabonilla.com.mx\/index.php\/wp-json\/wp\/v2\/pages\/15\/revisions"}],"predecessor-version":[{"id":96,"href":"https:\/\/libreriabonilla.com.mx\/index.php\/wp-json\/wp\/v2\/pages\/15\/revisions\/96"}],"up":[{"embeddable":true,"href":"https:\/\/libreriabonilla.com.mx\/index.php\/wp-json\/wp\/v2\/pages\/8"}],"wp:attachment":[{"href":"https:\/\/libreriabonilla.com.mx\/index.php\/wp-json\/wp\/v2\/media?parent=15"}],"curies":[{"name":"wp","href":"https:\/\/api.w.org\/{rel}","templated":true}]}}